{"id":3129,"date":"2022-08-11T13:42:38","date_gmt":"2022-08-11T11:42:38","guid":{"rendered":"https:\/\/thehub-berlin.voidstudio.ru\/artist\/mona-jas\/"},"modified":"2022-08-11T14:16:36","modified_gmt":"2022-08-11T12:16:36","slug":"mona-jas","status":"publish","type":"artist","link":"https:\/\/thehub-berlin.org\/de\/artist\/mona-jas\/","title":{"rendered":"Mona Jas"},"content":{"rendered":"\t\t<div data-elementor-type=\"wp-post\" data-elementor-id=\"3129\" class=\"elementor elementor-3129 elementor-1906\" data-elementor-settings=\"[]\">\n\t\t\t\t\t\t\t<div class=\"elementor-section-wrap\">\n\t\t\t\t\t\t\t<section class=\"elementor-section elementor-top-section elementor-element elementor-element-d7eb8ec elementor-section-boxed elementor-section-height-default elementor-section-height-default parallax_section_no qode_elementor_container_no qode-content-aligment-left\" data-id=\"d7eb8ec\" data-element_type=\"section\">\n\t\t\t\t\t\t<div class=\"elementor-container elementor-column-gap-default\">\n\t\t\t\t\t<div class=\"elementor-column elementor-col-100 elementor-top-column elementor-element elementor-element-2f602bd\" data-id=\"2f602bd\" data-element_type=\"column\">\n\t\t\t<div class=\"elementor-widget-wrap elementor-element-populated\">\n\t\t\t\t\t\t\t\t<div class=\"elementor-element elementor-element-920e0ab elementor-widget elementor-widget-text-editor\" data-id=\"920e0ab\" data-element_type=\"widget\" data-widget_type=\"text-editor.default\">\n\t\t\t\t<div class=\"elementor-widget-container\">\n\t\t\t\t\t\t\t<p><strong>Mona Jas<\/strong> ist eine in Berlin lebende und arbeitende K\u00fcnstlerin. Sie erhielt nach ihrem Abschluss als Meistersch\u00fclerin der Universit\u00e4t der K\u00fcnste Berlin das Postgraduiertenstipendium des Berliner Senats. Jas war die erste Stipendiatin f\u00fcr <em>Kunstvermittlung<\/em> der neuen Gesellschaft f\u00fcr bildende Kunst (nGbK) und zeigte ihre Arbeiten unter anderem im BM Contemporary Art Center, TR, bei Axel Lapp Projects in Berlin, in der yuka gallery zur Art Biennial for Visual Arts Varda, BG, in der Galerie y\u0301 in Minsk, BY, in der Galerie ES contemporary art in Meran, IT, in    <em>UTOPICS<\/em> Schweizerische Plastikausstellung Biel\/Bienne, CH, in <em>Gleisdreieck Kunst im \u00d6ffentlichen Raum<\/em> Berlin, im museion in Bozen, IT, im S\u00fcddeutschen Kunstverein, in <em>Europa: Kunst im \u00d6ffentlichen Raum<\/em> im U-Bahnhof Bundestag in Berlin und im Brandenburgischen Kunstverein. Die Entwicklung und Erforschung k\u00fcnstlerischer Verfahren in Lehre und (Ver-)Mittlung bilden einen Schwerpunkt ihrer Praxis als K\u00fcnstlerin. Mona Jas initiiert dabei alternative Netzwerke und wirkt partizipativ an \u201ewandernden Formaten\u201c, um Erfahrungen in verschiedene R\u00e4ume oder Konstellationen zu \u00fcbersetzen. Es geht ihr dabei um Fragilit\u00e4t, begleitet von Unruhe und Br\u00fcchigkeit, die sie k\u00fcnstlerisch bearbeitet. Seit 2015 vertritt sie als Honorarprofessorin den Bereich der Kulturellen Bildung und Kunstvermittlung an der wei\u00dfensee kunsthochschule berlin. Mona Jas war Mitglied der Faculty der documenta 14 in Kassel und Athen, GR. Au\u00dferdem leitete sie die (Ver-)Mittlung der 10. Berlin Biennale.      <\/p>\n\t\t\t\t\t\t<\/div>\n\t\t\t\t<\/div>\n\t\t\t\t\t<\/div>\n\t\t<\/div>\n\t\t\t\t\t\t\t<\/div>\n\t\t<\/section>\n\t\t\t\t\t\t<\/div>\n\t\t\t\t\t<\/div>\n\t\t","protected":false},"excerpt":{"rendered":"<p>Mona Jas ist eine in Berlin lebende und arbeitende K\u00fcnstlerin. Sie erhielt nach ihrem Abschluss als Meistersch\u00fclerin der Universit\u00e4t der K\u00fcnste Berlin das Postgraduiertenstipendium des Berliner Senats. Jas war die erste Stipendiatin f\u00fcr Kunstvermittlung der neuen Gesellschaft f\u00fcr bildende Kunst (nGbK) und zeigte ihre Arbeiten&#8230;<\/p>\n","protected":false},"menu_order":0,"template":"","meta":[],"_links":{"self":[{"href":"https:\/\/thehub-berlin.org\/de\/wp-json\/wp\/v2\/artist\/3129"}],"collection":[{"href":"https:\/\/thehub-berlin.org\/de\/wp-json\/wp\/v2\/artist"}],"about":[{"href":"https:\/\/thehub-berlin.org\/de\/wp-json\/wp\/v2\/types\/artist"}],"version-history":[{"count":2,"href":"https:\/\/thehub-berlin.org\/de\/wp-json\/wp\/v2\/artist\/3129\/revisions"}],"predecessor-version":[{"id":3164,"href":"https:\/\/thehub-berlin.org\/de\/wp-json\/wp\/v2\/artist\/3129\/revisions\/3164"}],"wp:attachment":[{"href":"https:\/\/thehub-berlin.org\/de\/wp-json\/wp\/v2\/media?parent=3129"}],"curies":[{"name":"wp","href":"https:\/\/api.w.org\/{rel}","templated":true}]}}

<div data-elementor-type="wp-post" data-elementor-id="3129" class="elementor elementor-3129 elementor-1906" data-elementor-settings="[]">
							<div class="elementor-section-wrap">
							<section class="elementor-section elementor-top-section elementor-element elementor-element-d7eb8ec elementor-section-boxed elementor-section-height-default elementor-section-height-default parallax_section_no qode_elementor_container_no qode-content-aligment-left" data-id="d7eb8ec" data-element_type="section">
						<div class="elementor-container elementor-column-gap-default">
					<div class="elementor-column elementor-col-100 elementor-top-column elementor-element elementor-element-2f602bd" data-id="2f602bd" data-element_type="column">
			<div class="elementor-widget-wrap elementor-element-populated">
								<div class="elementor-element elementor-element-920e0ab elementor-widget elementor-widget-text-editor" data-id="920e0ab" data-element_type="widget" data-widget_type="text-editor.default">
				<div class="elementor-widget-container">
							<p><strong>Mona Jas</strong> ist eine in Berlin lebende und arbeitende Künstlerin. Sie erhielt nach ihrem Abschluss als Meisterschülerin der Universität der Künste Berlin das Postgraduiertenstipendium des Berliner Senats. Jas war die erste Stipendiatin für <em>Kunstvermittlung</em> der neuen Gesellschaft für bildende Kunst (nGbK) und zeigte ihre Arbeiten unter anderem im BM Contemporary Art Center, TR, bei Axel Lapp Projects in Berlin, in der yuka gallery zur Art Biennial for Visual Arts Varda, BG, in der Galerie ý in Minsk, BY, in der Galerie ES contemporary art in Meran, IT, in    <em>UTOPICS</em> Schweizerische Plastikausstellung Biel/Bienne, CH, in <em>Gleisdreieck Kunst im Öffentlichen Raum</em> Berlin, im museion in Bozen, IT, im Süddeutschen Kunstverein, in <em>Europa: Kunst im Öffentlichen Raum</em> im U-Bahnhof Bundestag in Berlin und im Brandenburgischen Kunstverein. Die Entwicklung und Erforschung künstlerischer Verfahren in Lehre und (Ver-)Mittlung bilden einen Schwerpunkt ihrer Praxis als Künstlerin. Mona Jas initiiert dabei alternative Netzwerke und wirkt partizipativ an „wandernden Formaten“, um Erfahrungen in verschiedene Räume oder Konstellationen zu übersetzen. Es geht ihr dabei um Fragilität, begleitet von Unruhe und Brüchigkeit, die sie künstlerisch bearbeitet. Seit 2015 vertritt sie als Honorarprofessorin den Bereich der Kulturellen Bildung und Kunstvermittlung an der weißensee kunsthochschule berlin. Mona Jas war Mitglied der Faculty der documenta 14 in Kassel und Athen, GR. Außerdem leitete sie die (Ver-)Mittlung der 10. Berlin Biennale.      </p>
						</div>
				</div>
					</div>
		</div>
							</div>
		</section>
						</div>
					</div>

<p>Mona Jas ist eine in Berlin lebende und arbeitende Künstlerin. Sie erhielt nach ihrem Abschluss als Meisterschülerin der Universität der Künste Berlin das Postgraduiertenstipendium des Berliner Senats. Jas war die erste Stipendiatin für Kunstvermittlung der neuen Gesellschaft für bildende Kunst (nGbK) und zeigte ihre Arbeiten&#8230;</p>
