{"id":3134,"date":"2022-08-11T13:47:37","date_gmt":"2022-08-11T11:47:37","guid":{"rendered":"https:\/\/thehub-berlin.voidstudio.ru\/artist\/alexandra-kersten\/"},"modified":"2022-08-11T13:48:35","modified_gmt":"2022-08-11T11:48:35","slug":"alexandra-kersten","status":"publish","type":"artist","link":"https:\/\/thehub-berlin.org\/de\/artist\/alexandra-kersten\/","title":{"rendered":"Alexandra Kersten"},"content":{"rendered":"\t\t<div data-elementor-type=\"wp-post\" data-elementor-id=\"3134\" class=\"elementor elementor-3134 elementor-1854\" data-elementor-settings=\"[]\">\n\t\t\t\t\t\t\t<div class=\"elementor-section-wrap\">\n\t\t\t\t\t\t\t<section class=\"elementor-section elementor-top-section elementor-element elementor-element-b4ec1f5 elementor-section-boxed elementor-section-height-default elementor-section-height-default parallax_section_no qode_elementor_container_no qode-content-aligment-left\" data-id=\"b4ec1f5\" data-element_type=\"section\">\n\t\t\t\t\t\t<div class=\"elementor-container elementor-column-gap-default\">\n\t\t\t\t\t<div class=\"elementor-column elementor-col-100 elementor-top-column elementor-element elementor-element-87dc4f0\" data-id=\"87dc4f0\" data-element_type=\"column\">\n\t\t\t<div class=\"elementor-widget-wrap elementor-element-populated\">\n\t\t\t\t\t\t\t\t<div class=\"elementor-element elementor-element-42835ea elementor-widget elementor-widget-text-editor\" data-id=\"42835ea\" data-element_type=\"widget\" data-widget_type=\"text-editor.default\">\n\t\t\t\t<div class=\"elementor-widget-container\">\n\t\t\t\t\t\t\t<p>Alexandra Kersten studierte in Kiel und Flensburg Deutsch und Kunst f\u00fcr das Lehramt an Realschulen. Mit dem Referendariat 2004 kam sie nach Berlin Neuk\u00f6lln und unterrichte bis 2011 dort an der Kepler-Schule. <\/p>\n<p>Seit 2011 unterrichtet sie an der Heinz-Brandt-Schule in Berlin Wei\u00dfensee. Projekte wie \u201eOhnmacht, Angst, Verz\u00fcckung\u201c oder die Teilnahme an Programmen wie \u201eKulturagenten f\u00fcr kreative Schulen Berlin\u201c und \u201eK\u00fcnste \u00f6ffnen Welten\u201c sind f\u00fcr sie nicht Mittel zum Zweck sondern helfen den schulischen Rahmen neu zu denken und Kreativit\u00e4t zuzulassen. Die Idee, dass Schule keine kurzzeitigen Projekte, sondern einen dauerhaften zu bespielenden kreativen Freiraum braucht, l\u00e4sst sie in ihrer Aufgabe als Fachleitung f\u00fcr Kulturelle Bildung an der Heinz-Brandt-Schule Konzepte daf\u00fcr entwickeln und u.a. mit der JUKS Pankow oder den KW Institue for KW Institute for Contemporary Art umsetzen.  <\/p>\n\t\t\t\t\t\t<\/div>\n\t\t\t\t<\/div>\n\t\t\t\t\t<\/div>\n\t\t<\/div>\n\t\t\t\t\t\t\t<\/div>\n\t\t<\/section>\n\t\t\t\t\t\t<\/div>\n\t\t\t\t\t<\/div>\n\t\t","protected":false},"excerpt":{"rendered":"<p>Alexandra Kersten studierte in Kiel und Flensburg Deutsch und Kunst f\u00fcr das Lehramt an Realschulen. Mit dem Referendariat 2004 kam sie nach Berlin Neuk\u00f6lln und unterrichte bis 2011 dort an der Kepler-Schule. Seit 2011 unterrichtet sie an der Heinz-Brandt-Schule in Berlin Wei\u00dfensee. Projekte wie \u201eOhnmacht,&#8230;<\/p>\n","protected":false},"menu_order":0,"template":"","meta":[],"_links":{"self":[{"href":"https:\/\/thehub-berlin.org\/de\/wp-json\/wp\/v2\/artist\/3134"}],"collection":[{"href":"https:\/\/thehub-berlin.org\/de\/wp-json\/wp\/v2\/artist"}],"about":[{"href":"https:\/\/thehub-berlin.org\/de\/wp-json\/wp\/v2\/types\/artist"}],"version-history":[{"count":1,"href":"https:\/\/thehub-berlin.org\/de\/wp-json\/wp\/v2\/artist\/3134\/revisions"}],"predecessor-version":[{"id":3135,"href":"https:\/\/thehub-berlin.org\/de\/wp-json\/wp\/v2\/artist\/3134\/revisions\/3135"}],"wp:attachment":[{"href":"https:\/\/thehub-berlin.org\/de\/wp-json\/wp\/v2\/media?parent=3134"}],"curies":[{"name":"wp","href":"https:\/\/api.w.org\/{rel}","templated":true}]}}

<div data-elementor-type="wp-post" data-elementor-id="3134" class="elementor elementor-3134 elementor-1854" data-elementor-settings="[]">
							<div class="elementor-section-wrap">
							<section class="elementor-section elementor-top-section elementor-element elementor-element-b4ec1f5 elementor-section-boxed elementor-section-height-default elementor-section-height-default parallax_section_no qode_elementor_container_no qode-content-aligment-left" data-id="b4ec1f5" data-element_type="section">
						<div class="elementor-container elementor-column-gap-default">
					<div class="elementor-column elementor-col-100 elementor-top-column elementor-element elementor-element-87dc4f0" data-id="87dc4f0" data-element_type="column">
			<div class="elementor-widget-wrap elementor-element-populated">
								<div class="elementor-element elementor-element-42835ea elementor-widget elementor-widget-text-editor" data-id="42835ea" data-element_type="widget" data-widget_type="text-editor.default">
				<div class="elementor-widget-container">
							<p>Alexandra Kersten studierte in Kiel und Flensburg Deutsch und Kunst für das Lehramt an Realschulen. Mit dem Referendariat 2004 kam sie nach Berlin Neukölln und unterrichte bis 2011 dort an der Kepler-Schule. </p>
<p>Seit 2011 unterrichtet sie an der Heinz-Brandt-Schule in Berlin Weißensee. Projekte wie „Ohnmacht, Angst, Verzückung“ oder die Teilnahme an Programmen wie „Kulturagenten für kreative Schulen Berlin“ und „Künste öffnen Welten“ sind für sie nicht Mittel zum Zweck sondern helfen den schulischen Rahmen neu zu denken und Kreativität zuzulassen. Die Idee, dass Schule keine kurzzeitigen Projekte, sondern einen dauerhaften zu bespielenden kreativen Freiraum braucht, lässt sie in ihrer Aufgabe als Fachleitung für Kulturelle Bildung an der Heinz-Brandt-Schule Konzepte dafür entwickeln und u.a. mit der JUKS Pankow oder den KW Institue for KW Institute for Contemporary Art umsetzen.  </p>
						</div>
				</div>
					</div>
		</div>
							</div>
		</section>
						</div>
					</div>

<p>Alexandra Kersten studierte in Kiel und Flensburg Deutsch und Kunst für das Lehramt an Realschulen. Mit dem Referendariat 2004 kam sie nach Berlin Neukölln und unterrichte bis 2011 dort an der Kepler-Schule. Seit 2011 unterrichtet sie an der Heinz-Brandt-Schule in Berlin Weißensee. Projekte wie „Ohnmacht,&#8230;</p>
