{"id":3139,"date":"2022-08-11T13:56:33","date_gmt":"2022-08-11T11:56:33","guid":{"rendered":"https:\/\/thehub-berlin.voidstudio.ru\/artist\/alexia-manzano\/"},"modified":"2022-08-11T13:59:52","modified_gmt":"2022-08-11T11:59:52","slug":"alexia-manzano","status":"publish","type":"artist","link":"https:\/\/thehub-berlin.org\/de\/artist\/alexia-manzano\/","title":{"rendered":"Alexia Manzano"},"content":{"rendered":"\t\t<div data-elementor-type=\"wp-post\" data-elementor-id=\"3139\" class=\"elementor elementor-3139 elementor-1556\" data-elementor-settings=\"[]\">\n\t\t\t\t\t\t\t<div class=\"elementor-section-wrap\">\n\t\t\t\t\t\t\t<section class=\"elementor-section elementor-top-section elementor-element elementor-element-d79287a elementor-section-boxed elementor-section-height-default elementor-section-height-default parallax_section_no qode_elementor_container_no qode-content-aligment-left\" data-id=\"d79287a\" data-element_type=\"section\">\n\t\t\t\t\t\t<div class=\"elementor-container elementor-column-gap-default\">\n\t\t\t\t\t<div class=\"elementor-column elementor-col-66 elementor-top-column elementor-element elementor-element-5054cda\" data-id=\"5054cda\" data-element_type=\"column\">\n\t\t\t<div class=\"elementor-widget-wrap elementor-element-populated\">\n\t\t\t\t\t\t\t\t<div class=\"elementor-element elementor-element-6fe0a95 elementor-widget elementor-widget-text-editor\" data-id=\"6fe0a95\" data-element_type=\"widget\" data-widget_type=\"text-editor.default\">\n\t\t\t\t<div class=\"elementor-widget-container\">\n\t\t\t\t\t\t\t<p><strong>Alexia Manzano<\/strong> lebt und arbeitet in Berlin und gelegentlich in Argentinien und Barcelona, \u200b\u200bSpanien. Sie studierte Modedesign an der Universidad de Buenos Aires (UBA), AR und Visuelle Kommunikation an der Bauhaus-Universit\u00e4t Weimar, EINA, Centre Universitari de Disseny i Art de Barcelona, ES und an der wei\u00dfensee kunsthochschule berlin. Manzano arbeitet als Fotografin und entwickelt Konzepte f\u00fcr Workshops mit Kindern und Jugendlichen. Au\u00dferdem ist sie Mitbegr\u00fcnderin von The Hub e. V., zur Entwicklung und Erforschung k\u00fcnstlerischer Verfahren in Lehre, (Ver-)Mittlung und Kultureller Bildung. Sie arbeitet u.a. mit K\u00fcnstler*innen von \u201eThe Hub\u201c und den Kunstvermittlern von <a href=\"http:\/\/www.a7-ausseneinsatz.de\/index.php\/kw\/\">a7-ausseneinsatz<\/a> im Programm <a href=\"http:\/\/www.kh-berlin.de\/projekt-detail\/Project\/detail\/when-education-turns-to-art-4-2176.html\">When Education Turns to Art<\/a> des Labs for Art Education, KW Berlin.     Sie war ein aktives Mitglied des <a href=\"https:\/\/www.facebook.com\/bermuda.garten\/\">bermudagarten<\/a> an der Wei\u00dfensee Kunsthochschule Berlin, einem Ort, an dem sich Studentierende, Nachbarn und Neuberliner*innen (vor allem aus Syrien) trafen, um Zeit miteinander zu verbringen, verschiedene Ausdrucks- und Kommunikationsformen zu erkunden und Wissen auszutauschen. Alexia hat Indoor-Workshops im Winter und Outdoor im Sommer gegeben.<\/p>\n\t\t\t\t\t\t<\/div>\n\t\t\t\t<\/div>\n\t\t\t\t<div class=\"elementor-element elementor-element-8897cd2 elementor-widget elementor-widget-qode_interactive_links\" data-id=\"8897cd2\" data-element_type=\"widget\" data-widget_type=\"qode_interactive_links.default\">\n\t\t\t\t<div class=\"elementor-widget-container\">\n\t\t\t<div class=\"qode-interactive-links qode-il-links-below\">\r\n    <div class=\"qode-il-inner\">\r\n        <div class=\"qode-il-images-holder\">\r\n            <div class=\"qode-il-images-holder-inner\">\r\n                                        <div class=\"qode-il-image\" data-index=\"0\">\r\n                            <a itemprop=\"link\" class=\"qode-il-image-link\" href=\"http:\/\/www.alexiamanzano.org\" target=\"_blank\" data-index=\"0\">\r\n                                                            <\/a>\r\n                            <div class=\"qode-il-responsive-title-holder\">\r\n                                <h5 class=\"qode-il-links-holder\">\r\n                                    <a itemprop=\"link\" class=\"qode-il-link qode-il-responsive-title\" href=\"http:\/\/www.alexiamanzano.org\" target=\"_blank\" data-index=\"0\">\r\n                                        <span class=\"qode-il-title\">Alexia Manzano Webseite<\/span>\r\n                                    <\/a>\r\n                                <\/h5>\r\n                            <\/div>\r\n                        <\/div>\r\n                                            <div class=\"qode-il-image\" data-index=\"1\">\r\n                            <a itemprop=\"link\" class=\"qode-il-image-link\" href=\"https:\/\/www.jgherder-kulturkarte.com\/\" target=\"_blank\" data-index=\"1\">\r\n                                                            <\/a>\r\n                            <div class=\"qode-il-responsive-title-holder\">\r\n                                <h5 class=\"qode-il-links-holder\">\r\n                                    <a itemprop=\"link\" class=\"qode-il-link qode-il-responsive-title\" href=\"https:\/\/www.jgherder-kulturkarte.com\/\" target=\"_blank\" data-index=\"1\">\r\n                                        <span class=\"qode-il-title\">Kunst und Kulturkarte<\/span>\r\n                                    <\/a>\r\n                                <\/h5>\r\n                            <\/div>\r\n                        <\/div>\r\n                                <\/div>\r\n        <\/div>\r\n        <div class=\"qode-il-titles-holder\">\r\n            <h5 class=\"qode-il-links-holder\">\r\n                                        <a itemprop=\"link\" class=\"qode-il-link\" href=\"http:\/\/www.alexiamanzano.org\" target=\"_blank\" data-index=\"0\">\r\n                            <span class=\"qode-il-title\">Alexia Manzano Webseite<\/span>\r\n                        <\/a>\r\n                                            <a itemprop=\"link\" class=\"qode-il-link\" href=\"https:\/\/www.jgherder-kulturkarte.com\/\" target=\"_blank\" data-index=\"1\">\r\n                            <span class=\"qode-il-title\">Kunst und Kulturkarte<\/span>\r\n                        <\/a>\r\n                                <\/h5>\r\n        <\/div>\r\n            <\/div>\r\n<\/div>\t\t<\/div>\n\t\t\t\t<\/div>\n\t\t\t\t\t<\/div>\n\t\t<\/div>\n\t\t\t\t<div class=\"elementor-column elementor-col-33 elementor-top-column elementor-element elementor-element-ee68d47\" data-id=\"ee68d47\" data-element_type=\"column\">\n\t\t\t<div class=\"elementor-widget-wrap elementor-element-populated\">\n\t\t\t\t\t\t\t\t<div class=\"elementor-element elementor-element-729cbd2 elementor-widget elementor-widget-image\" data-id=\"729cbd2\" data-element_type=\"widget\" data-widget_type=\"image.default\">\n\t\t\t\t<div class=\"elementor-widget-container\">\n\t\t\t\t\t\t\t\t\t\t\t\t\t\t\t<img width=\"720\" height=\"480\" src=\"https:\/\/thehub-berlin.org\/wp-content\/uploads\/2021\/12\/Alexia-Manzano-_04-720x480.jpg\" class=\"attachment-large size-large\" alt=\"\" loading=\"lazy\" srcset=\"https:\/\/thehub-berlin.org\/wp-content\/uploads\/2021\/12\/Alexia-Manzano-_04-720x480.jpg 720w, https:\/\/thehub-berlin.org\/wp-content\/uploads\/2021\/12\/Alexia-Manzano-_04-300x200.jpg 300w, https:\/\/thehub-berlin.org\/wp-content\/uploads\/2021\/12\/Alexia-Manzano-_04-768x512.jpg 768w, https:\/\/thehub-berlin.org\/wp-content\/uploads\/2021\/12\/Alexia-Manzano-_04-1536x1024.jpg 1536w, https:\/\/thehub-berlin.org\/wp-content\/uploads\/2021\/12\/Alexia-Manzano-_04-2048x1365.jpg 2048w, https:\/\/thehub-berlin.org\/wp-content\/uploads\/2021\/12\/Alexia-Manzano-_04-700x467.jpg 700w, https:\/\/thehub-berlin.org\/wp-content\/uploads\/2021\/12\/Alexia-Manzano-_04-1100x733.jpg 1100w\" sizes=\"(max-width: 720px) 100vw, 720px\" \/>\t\t\t\t\t\t\t\t\t\t\t\t\t\t\t<\/div>\n\t\t\t\t<\/div>\n\t\t\t\t\t<\/div>\n\t\t<\/div>\n\t\t\t\t\t\t\t<\/div>\n\t\t<\/section>\n\t\t\t\t<section class=\"elementor-section elementor-top-section elementor-element elementor-element-2195fac elementor-section-boxed elementor-section-height-default elementor-section-height-default parallax_section_no qode_elementor_container_no qode-content-aligment-left\" data-id=\"2195fac\" data-element_type=\"section\">\n\t\t\t\t\t\t<div class=\"elementor-container elementor-column-gap-default\">\n\t\t\t\t\t<div class=\"elementor-column elementor-col-100 elementor-top-column elementor-element elementor-element-800bd20\" data-id=\"800bd20\" data-element_type=\"column\">\n\t\t\t<div class=\"elementor-widget-wrap elementor-element-populated\">\n\t\t\t\t\t\t\t\t<div class=\"elementor-element elementor-element-80c5b6f elementor-widget elementor-widget-gallery\" data-id=\"80c5b6f\" data-element_type=\"widget\" data-settings=\"{&quot;columns&quot;:3,&quot;gap&quot;:{&quot;unit&quot;:&quot;px&quot;,&quot;size&quot;:21,&quot;sizes&quot;:[]},&quot;aspect_ratio&quot;:&quot;4:3&quot;,&quot;gallery_layout&quot;:&quot;grid&quot;,&quot;columns_tablet&quot;:2,&quot;columns_mobile&quot;:1,&quot;gap_tablet&quot;:{&quot;unit&quot;:&quot;px&quot;,&quot;size&quot;:10,&quot;sizes&quot;:[]},&quot;gap_mobile&quot;:{&quot;unit&quot;:&quot;px&quot;,&quot;size&quot;:10,&quot;sizes&quot;:[]},&quot;link_to&quot;:&quot;file&quot;,&quot;content_hover_animation&quot;:&quot;fade-in&quot;}\" data-widget_type=\"gallery.default\">\n\t\t\t\t<div class=\"elementor-widget-container\">\n\t\t\t\t\t<div class=\"elementor-gallery__container\">\n\t\t\t\t\t\t\t<a class=\"e-gallery-item elementor-gallery-item elementor-animated-content\" href=\"https:\/\/thehub-berlin.org\/wp-content\/uploads\/2021\/11\/Alexia-Manzano-_02-scaled.jpg\" data-elementor-open-lightbox=\"yes\" data-elementor-lightbox-slideshow=\"all-80c5b6f\" data-elementor-lightbox-title=\"Alexia Manzano _02\">\n\t\t\t\t\t<div class=\"e-gallery-image elementor-gallery-item__image\" data-thumbnail=\"https:\/\/thehub-berlin.org\/wp-content\/uploads\/2021\/11\/Alexia-Manzano-_02-300x200.jpg\" data-width=\"300\" data-height=\"200\" alt=\"\" ><\/div>\n\t\t\t\t\t\t\t\t\t\t\t\t\t\t<\/a>\n\t\t\t\t\t\t\t<a class=\"e-gallery-item elementor-gallery-item elementor-animated-content\" href=\"https:\/\/thehub-berlin.org\/wp-content\/uploads\/2021\/11\/Alexia-Manzano-_01-scaled.jpg\" data-elementor-open-lightbox=\"yes\" data-elementor-lightbox-slideshow=\"all-80c5b6f\" data-elementor-lightbox-title=\"Alexia Manzano _01\">\n\t\t\t\t\t<div class=\"e-gallery-image elementor-gallery-item__image\" data-thumbnail=\"https:\/\/thehub-berlin.org\/wp-content\/uploads\/2021\/11\/Alexia-Manzano-_01-300x200.jpg\" data-width=\"300\" data-height=\"200\" alt=\"\" ><\/div>\n\t\t\t\t\t\t\t\t\t\t\t\t\t\t<\/a>\n\t\t\t\t\t\t\t<a class=\"e-gallery-item elementor-gallery-item elementor-animated-content\" href=\"https:\/\/thehub-berlin.org\/wp-content\/uploads\/2021\/11\/Alexia-Manzano-_03-scaled.jpg\" data-elementor-open-lightbox=\"yes\" data-elementor-lightbox-slideshow=\"all-80c5b6f\" data-elementor-lightbox-title=\"Alexia Manzano _03\">\n\t\t\t\t\t<div class=\"e-gallery-image elementor-gallery-item__image\" data-thumbnail=\"https:\/\/thehub-berlin.org\/wp-content\/uploads\/2021\/11\/Alexia-Manzano-_03-300x200.jpg\" data-width=\"300\" data-height=\"200\" alt=\"\" ><\/div>\n\t\t\t\t\t\t\t\t\t\t\t\t\t\t<\/a>\n\t\t\t\t\t<\/div>\n\t\t\t<\/div>\n\t\t\t\t<\/div>\n\t\t\t\t\t<\/div>\n\t\t<\/div>\n\t\t\t\t\t\t\t<\/div>\n\t\t<\/section>\n\t\t\t\t\t\t<\/div>\n\t\t\t\t\t<\/div>\n\t\t","protected":false},"excerpt":{"rendered":"<p>Alexia Manzano lebt und arbeitet in Berlin und gelegentlich in Argentinien und Barcelona, \u200b\u200bSpanien. Sie studierte Modedesign an der Universidad de Buenos Aires (UBA), AR und Visuelle Kommunikation an der Bauhaus-Universit\u00e4t Weimar, EINA, Centre Universitari de Disseny i Art de Barcelona, ES und an der&#8230;<\/p>\n","protected":false},"menu_order":0,"template":"","meta":[],"_links":{"self":[{"href":"https:\/\/thehub-berlin.org\/de\/wp-json\/wp\/v2\/artist\/3139"}],"collection":[{"href":"https:\/\/thehub-berlin.org\/de\/wp-json\/wp\/v2\/artist"}],"about":[{"href":"https:\/\/thehub-berlin.org\/de\/wp-json\/wp\/v2\/types\/artist"}],"version-history":[{"count":5,"href":"https:\/\/thehub-berlin.org\/de\/wp-json\/wp\/v2\/artist\/3139\/revisions"}],"predecessor-version":[{"id":3144,"href":"https:\/\/thehub-berlin.org\/de\/wp-json\/wp\/v2\/artist\/3139\/revisions\/3144"}],"wp:attachment":[{"href":"https:\/\/thehub-berlin.org\/de\/wp-json\/wp\/v2\/media?parent=3139"}],"curies":[{"name":"wp","href":"https:\/\/api.w.org\/{rel}","templated":true}]}}

<div data-elementor-type="wp-post" data-elementor-id="3139" class="elementor elementor-3139 elementor-1556" data-elementor-settings="[]">
							<div class="elementor-section-wrap">
							<section class="elementor-section elementor-top-section elementor-element elementor-element-d79287a elementor-section-boxed elementor-section-height-default elementor-section-height-default parallax_section_no qode_elementor_container_no qode-content-aligment-left" data-id="d79287a" data-element_type="section">
						<div class="elementor-container elementor-column-gap-default">
					<div class="elementor-column elementor-col-66 elementor-top-column elementor-element elementor-element-5054cda" data-id="5054cda" data-element_type="column">
			<div class="elementor-widget-wrap elementor-element-populated">
								<div class="elementor-element elementor-element-6fe0a95 elementor-widget elementor-widget-text-editor" data-id="6fe0a95" data-element_type="widget" data-widget_type="text-editor.default">
				<div class="elementor-widget-container">
							<p><strong>Alexia Manzano</strong> lebt und arbeitet in Berlin und gelegentlich in Argentinien und Barcelona, ​​Spanien. Sie studierte Modedesign an der Universidad de Buenos Aires (UBA), AR und Visuelle Kommunikation an der Bauhaus-Universität Weimar, EINA, Centre Universitari de Disseny i Art de Barcelona, ES und an der weißensee kunsthochschule berlin. Manzano arbeitet als Fotografin und entwickelt Konzepte für Workshops mit Kindern und Jugendlichen. Außerdem ist sie Mitbegründerin von The Hub e. V., zur Entwicklung und Erforschung künstlerischer Verfahren in Lehre, (Ver-)Mittlung und Kultureller Bildung. Sie arbeitet u.a. mit Künstler*innen von „The Hub“ und den Kunstvermittlern von <a href="http://www.a7-ausseneinsatz.de/index.php/kw/">a7-ausseneinsatz</a> im Programm <a href="http://www.kh-berlin.de/projekt-detail/Project/detail/when-education-turns-to-art-4-2176.html">When Education Turns to Art</a> des Labs for Art Education, KW Berlin.     Sie war ein aktives Mitglied des <a href="https://www.facebook.com/bermuda.garten/">bermudagarten</a> an der Weißensee Kunsthochschule Berlin, einem Ort, an dem sich Studentierende, Nachbarn und Neuberliner*innen (vor allem aus Syrien) trafen, um Zeit miteinander zu verbringen, verschiedene Ausdrucks- und Kommunikationsformen zu erkunden und Wissen auszutauschen. Alexia hat Indoor-Workshops im Winter und Outdoor im Sommer gegeben.</p>
						</div>
				</div>
				<div class="elementor-element elementor-element-8897cd2 elementor-widget elementor-widget-qode_interactive_links" data-id="8897cd2" data-element_type="widget" data-widget_type="qode_interactive_links.default">
				<div class="elementor-widget-container">
			<div class="qode-interactive-links qode-il-links-below">
    <div class="qode-il-inner">
        <div class="qode-il-images-holder">
            <div class="qode-il-images-holder-inner">
                                        <div class="qode-il-image" data-index="0">
                            <a itemprop="link" class="qode-il-image-link" href="http://www.alexiamanzano.org" target="_blank" data-index="0">
                                                            </a>
                            <div class="qode-il-responsive-title-holder">
                                <h5 class="qode-il-links-holder">
                                    <a itemprop="link" class="qode-il-link qode-il-responsive-title" href="http://www.alexiamanzano.org" target="_blank" data-index="0">
                                        <span class="qode-il-title">Alexia Manzano Webseite</span>
                                    </a>
                                </h5>
                            </div>
                        </div>
                                            <div class="qode-il-image" data-index="1">
                            <a itemprop="link" class="qode-il-image-link" href="https://www.jgherder-kulturkarte.com/" target="_blank" data-index="1">
                                                            </a>
                            <div class="qode-il-responsive-title-holder">
                                <h5 class="qode-il-links-holder">
                                    <a itemprop="link" class="qode-il-link qode-il-responsive-title" href="https://www.jgherder-kulturkarte.com/" target="_blank" data-index="1">
                                        <span class="qode-il-title">Kunst und Kulturkarte</span>
                                    </a>
                                </h5>
                            </div>
                        </div>
                                </div>
        </div>
        <div class="qode-il-titles-holder">
            <h5 class="qode-il-links-holder">
                                        <a itemprop="link" class="qode-il-link" href="http://www.alexiamanzano.org" target="_blank" data-index="0">
                            <span class="qode-il-title">Alexia Manzano Webseite</span>
                        </a>
                                            <a itemprop="link" class="qode-il-link" href="https://www.jgherder-kulturkarte.com/" target="_blank" data-index="1">
                            <span class="qode-il-title">Kunst und Kulturkarte</span>
                        </a>
                                </h5>
        </div>
            </div>
</div>		</div>
				</div>
					</div>
		</div>
				<div class="elementor-column elementor-col-33 elementor-top-column elementor-element elementor-element-ee68d47" data-id="ee68d47" data-element_type="column">
			<div class="elementor-widget-wrap elementor-element-populated">
								<div class="elementor-element elementor-element-729cbd2 elementor-widget elementor-widget-image" data-id="729cbd2" data-element_type="widget" data-widget_type="image.default">
				<div class="elementor-widget-container">
															<img width="720" height="480" src="https://thehub-berlin.org/wp-content/uploads/2021/12/Alexia-Manzano-_04-720x480.jpg" class="attachment-large size-large" alt="" loading="lazy" srcset="https://thehub-berlin.org/wp-content/uploads/2021/12/Alexia-Manzano-_04-720x480.jpg 720w, https://thehub-berlin.org/wp-content/uploads/2021/12/Alexia-Manzano-_04-300x200.jpg 300w, https://thehub-berlin.org/wp-content/uploads/2021/12/Alexia-Manzano-_04-768x512.jpg 768w, https://thehub-berlin.org/wp-content/uploads/2021/12/Alexia-Manzano-_04-1536x1024.jpg 1536w, https://thehub-berlin.org/wp-content/uploads/2021/12/Alexia-Manzano-_04-2048x1365.jpg 2048w, https://thehub-berlin.org/wp-content/uploads/2021/12/Alexia-Manzano-_04-700x467.jpg 700w, https://thehub-berlin.org/wp-content/uploads/2021/12/Alexia-Manzano-_04-1100x733.jpg 1100w" sizes="(max-width: 720px) 100vw, 720px" />															</div>
				</div>
					</div>
		</div>
							</div>
		</section>
				<section class="elementor-section elementor-top-section elementor-element elementor-element-2195fac elementor-section-boxed elementor-section-height-default elementor-section-height-default parallax_section_no qode_elementor_container_no qode-content-aligment-left" data-id="2195fac" data-element_type="section">
						<div class="elementor-container elementor-column-gap-default">
					<div class="elementor-column elementor-col-100 elementor-top-column elementor-element elementor-element-800bd20" data-id="800bd20" data-element_type="column">
			<div class="elementor-widget-wrap elementor-element-populated">
								<div class="elementor-element elementor-element-80c5b6f elementor-widget elementor-widget-gallery" data-id="80c5b6f" data-element_type="widget" data-settings="{&quot;columns&quot;:3,&quot;gap&quot;:{&quot;unit&quot;:&quot;px&quot;,&quot;size&quot;:21,&quot;sizes&quot;:[]},&quot;aspect_ratio&quot;:&quot;4:3&quot;,&quot;gallery_layout&quot;:&quot;grid&quot;,&quot;columns_tablet&quot;:2,&quot;columns_mobile&quot;:1,&quot;gap_tablet&quot;:{&quot;unit&quot;:&quot;px&quot;,&quot;size&quot;:10,&quot;sizes&quot;:[]},&quot;gap_mobile&quot;:{&quot;unit&quot;:&quot;px&quot;,&quot;size&quot;:10,&quot;sizes&quot;:[]},&quot;link_to&quot;:&quot;file&quot;,&quot;content_hover_animation&quot;:&quot;fade-in&quot;}" data-widget_type="gallery.default">
				<div class="elementor-widget-container">
					<div class="elementor-gallery__container">
							<a class="e-gallery-item elementor-gallery-item elementor-animated-content" href="https://thehub-berlin.org/wp-content/uploads/2021/11/Alexia-Manzano-_02-scaled.jpg" data-elementor-open-lightbox="yes" data-elementor-lightbox-slideshow="all-80c5b6f" data-elementor-lightbox-title="Alexia Manzano _02">
					<div class="e-gallery-image elementor-gallery-item__image" data-thumbnail="https://thehub-berlin.org/wp-content/uploads/2021/11/Alexia-Manzano-_02-300x200.jpg" data-width="300" data-height="200" alt="" ></div>
														</a>
							<a class="e-gallery-item elementor-gallery-item elementor-animated-content" href="https://thehub-berlin.org/wp-content/uploads/2021/11/Alexia-Manzano-_01-scaled.jpg" data-elementor-open-lightbox="yes" data-elementor-lightbox-slideshow="all-80c5b6f" data-elementor-lightbox-title="Alexia Manzano _01">
					<div class="e-gallery-image elementor-gallery-item__image" data-thumbnail="https://thehub-berlin.org/wp-content/uploads/2021/11/Alexia-Manzano-_01-300x200.jpg" data-width="300" data-height="200" alt="" ></div>
														</a>
							<a class="e-gallery-item elementor-gallery-item elementor-animated-content" href="https://thehub-berlin.org/wp-content/uploads/2021/11/Alexia-Manzano-_03-scaled.jpg" data-elementor-open-lightbox="yes" data-elementor-lightbox-slideshow="all-80c5b6f" data-elementor-lightbox-title="Alexia Manzano _03">
					<div class="e-gallery-image elementor-gallery-item__image" data-thumbnail="https://thehub-berlin.org/wp-content/uploads/2021/11/Alexia-Manzano-_03-300x200.jpg" data-width="300" data-height="200" alt="" ></div>
														</a>
					</div>
			</div>
				</div>
					</div>
		</div>
							</div>
		</section>
						</div>
					</div>

<p>Alexia Manzano lebt und arbeitet in Berlin und gelegentlich in Argentinien und Barcelona, ​​Spanien. Sie studierte Modedesign an der Universidad de Buenos Aires (UBA), AR und Visuelle Kommunikation an der Bauhaus-Universität Weimar, EINA, Centre Universitari de Disseny i Art de Barcelona, ES und an der&#8230;</p>
