{"id":2623,"date":"2021-12-14T13:27:40","date_gmt":"2021-12-14T12:27:40","guid":{"rendered":"https:\/\/thehub-berlin.voidstudio.ru\/about-de\/"},"modified":"2023-01-20T08:51:44","modified_gmt":"2023-01-20T07:51:44","slug":"about","status":"publish","type":"page","link":"https:\/\/thehub-berlin.org\/de\/about\/","title":{"rendered":"\u00fcber uns"},"content":{"rendered":"\t\t<div data-elementor-type=\"wp-page\" data-elementor-id=\"2623\" class=\"elementor elementor-2623 elementor-2045\" data-elementor-settings=\"[]\">\n\t\t\t\t\t\t\t<div class=\"elementor-section-wrap\">\n\t\t\t\t\t\t\t<section class=\"elementor-section elementor-top-section elementor-element elementor-element-577dd5b elementor-section-boxed elementor-section-height-default elementor-section-height-default parallax_section_no qode_elementor_container_no qode-content-aligment-left\" data-id=\"577dd5b\" data-element_type=\"section\">\n\t\t\t\t\t\t<div class=\"elementor-container elementor-column-gap-default\">\n\t\t\t\t\t<div class=\"elementor-column elementor-col-66 elementor-top-column elementor-element elementor-element-b4e9160\" data-id=\"b4e9160\" data-element_type=\"column\">\n\t\t\t<div class=\"elementor-widget-wrap elementor-element-populated\">\n\t\t\t\t\t\t\t\t<div class=\"elementor-element elementor-element-ad5b789 elementor-widget elementor-widget-text-editor\" data-id=\"ad5b789\" data-element_type=\"widget\" data-widget_type=\"text-editor.default\">\n\t\t\t\t<div class=\"elementor-widget-container\">\n\t\t\t\t\t\t\t<h5>The Hub e.V. ist ein gemeinn\u00fctziger Verein, der von K\u00fcnstler*innen, Designer*innen, Kunstwissenschaftler*innen, Kurator*innen und Kunstmittler*innen gegr\u00fcndet wurde.<\/h5>\n\t\t\t\t\t\t<\/div>\n\t\t\t\t<\/div>\n\t\t\t\t<div class=\"elementor-element elementor-element-67167cf elementor-widget elementor-widget-text-editor\" data-id=\"67167cf\" data-element_type=\"widget\" data-widget_type=\"text-editor.default\">\n\t\t\t\t<div class=\"elementor-widget-container\">\n\t\t\t\t\t\t\t<h6><b>Die Mission<\/b><\/h6>\n<p>The Hub e.V. bewegt sich in seiner inhaltlichen Arbeit zwischen \u00c4sthetischer Praxis, k\u00fcnstlerischer Forschung und bildender Kunst. The Hub e.V. ist ein Netzwerk und eine Plattform f\u00fcr ihre Mitglieder, um sich gemeinsam in Verfahrensweisen, k\u00fcnstlerischer (Ver-)Mittlung und theoretischer Reflexion zu st\u00e4rken und interdisziplin\u00e4re Projekte zu realisieren. <\/p>\n<p><\/p>\n<p>Es ist uns wichtig mithilfe unserer Kunstvermittlung eine Br\u00fccke zu bauen, zwischen dem oft als exklusiv verstandenen Kunstwelt und Personen, die wegen ihres Sozial- oder Bildungshintergrundes keine N\u00e4he zur Kunst haben.<\/p>\n<p><\/p>\n<p>Die Zusammenarbeit mit Gruppen gestalten wir bewusst prozesshaft und auf Augenh\u00f6he, da wir selber auch das Arbeiten mit diversen Gruppen als besondere k\u00fcnstlerische Erfahrung verstehen und ebenso vom Blickwinkel unserer Workshopteilnehmer:innen profitieren.<\/p>\n<p><b>&nbsp;<\/b><\/p>\n<h6><b>Die Vision<\/b><\/h6>\n<p>Wir verstehen unsere Arbeit als politische und k\u00fcnstlerische Arbeit, weil wir versuchen mithilfe der Kunstvermittlung gesellschaftliche Probleme anzusprechen und ihnen entgegenzuwirken, indem wir zum Beispiel wohnungslosen Jugendlichen mit ihrer Kunst zu mehr Sichtbarkeit im Stadtraum verhelfen, Sch\u00fcler:innen ihre eigenen Ausstellung kuratieren lassen oder Fl\u00fcchtlinge aktiv im Workshop Konzept mitwirken lassen.<\/p>\n\t\t\t\t\t\t<\/div>\n\t\t\t\t<\/div>\n\t\t\t\t\t<\/div>\n\t\t<\/div>\n\t\t\t\t<div class=\"elementor-column elementor-col-33 elementor-top-column elementor-element elementor-element-757d6d7\" data-id=\"757d6d7\" data-element_type=\"column\">\n\t\t\t<div class=\"elementor-widget-wrap elementor-element-populated\">\n\t\t\t\t\t\t\t\t<div class=\"elementor-element elementor-element-b5b0cd4 elementor-widget elementor-widget-image\" data-id=\"b5b0cd4\" data-element_type=\"widget\" data-widget_type=\"image.default\">\n\t\t\t\t<div class=\"elementor-widget-container\">\n\t\t\t\t\t\t\t\t\t\t\t\t\t\t\t<img width=\"400\" height=\"600\" src=\"https:\/\/thehub-berlin.org\/wp-content\/uploads\/2019\/03\/4E9A1815_Tomaschko.jpg\" class=\"attachment-large size-large\" alt=\"\" loading=\"lazy\" srcset=\"https:\/\/thehub-berlin.org\/wp-content\/uploads\/2019\/03\/4E9A1815_Tomaschko.jpg 400w, https:\/\/thehub-berlin.org\/wp-content\/uploads\/2019\/03\/4E9A1815_Tomaschko-200x300.jpg 200w\" sizes=\"(max-width: 400px) 100vw, 400px\" \/>\t\t\t\t\t\t\t\t\t\t\t\t\t\t\t<\/div>\n\t\t\t\t<\/div>\n\t\t\t\t\t<\/div>\n\t\t<\/div>\n\t\t\t\t\t\t\t<\/div>\n\t\t<\/section>\n\t\t\t\t<section class=\"elementor-section elementor-top-section elementor-element elementor-element-b9aaa11 qode_elementor_container_inner elementor-section-boxed elementor-section-height-default elementor-section-height-default parallax_section_no qode-content-aligment-left\" data-id=\"b9aaa11\" data-element_type=\"section\">\n\t\t\t\t\t\t<div class=\"elementor-container elementor-column-gap-default\">\n\t\t\t\t\t<div class=\"elementor-column elementor-col-100 elementor-top-column elementor-element elementor-element-1d360c4\" data-id=\"1d360c4\" data-element_type=\"column\">\n\t\t\t<div class=\"elementor-widget-wrap elementor-element-populated\">\n\t\t\t\t\t\t\t\t<div class=\"elementor-element elementor-element-69a3ff9 elementor-widget elementor-widget-text-editor\" data-id=\"69a3ff9\" data-element_type=\"widget\" data-widget_type=\"text-editor.default\">\n\t\t\t\t<div class=\"elementor-widget-container\">\n\t\t\t\t\t\t\t<h6>Vorstand des Vereins<\/h6>\n<h6>Mona Jas, Alexandra Kersten, Alexia Manzano, Julia Schramm<\/h6>\n<h6>Amtsgericht Berlin Charlottenburg<br \/>Vereinsregister Nr. VR 036437<\/h6>\n<h3>&nbsp;<\/h3>\n\t\t\t\t\t\t<\/div>\n\t\t\t\t<\/div>\n\t\t\t\t\t<\/div>\n\t\t<\/div>\n\t\t\t\t\t\t\t<\/div>\n\t\t<\/section>\n\t\t\t\t<section class=\"elementor-section elementor-top-section elementor-element elementor-element-1b1480d elementor-section-boxed elementor-section-height-default elementor-section-height-default parallax_section_no qode_elementor_container_no qode-content-aligment-left\" data-id=\"1b1480d\" data-element_type=\"section\">\n\t\t\t\t\t\t<div class=\"elementor-container elementor-column-gap-default\">\n\t\t\t\t\t<div class=\"elementor-column elementor-col-100 elementor-top-column elementor-element elementor-element-06006e7\" data-id=\"06006e7\" data-element_type=\"column\">\n\t\t\t<div class=\"elementor-widget-wrap elementor-element-populated\">\n\t\t\t\t\t\t\t\t\t<\/div>\n\t\t<\/div>\n\t\t\t\t\t\t\t<\/div>\n\t\t<\/section>\n\t\t\t\t\t\t<\/div>\n\t\t\t\t\t<\/div>\n\t\t","protected":false},"excerpt":{"rendered":"<p>The Hub e.V. ist ein gemeinn\u00fctziger Verein, der von K\u00fcnstler*innen, Designer*innen, Kunstwissenschaftler*innen, Kurator*innen und Kunstmittler*innen gegr\u00fcndet wurde. Die Mission The Hub e.V. bewegt sich in seiner inhaltlichen Arbeit zwischen \u00c4sthetischer Praxis, k\u00fcnstlerischer Forschung und bildender Kunst. The Hub e.V. ist ein Netzwerk und eine Plattform&#8230;<\/p>\n","protected":false},"author":2,"featured_media":0,"parent":0,"menu_order":0,"comment_status":"closed","ping_status":"closed","template":"","meta":[],"_links":{"self":[{"href":"https:\/\/thehub-berlin.org\/de\/wp-json\/wp\/v2\/pages\/2623"}],"collection":[{"href":"https:\/\/thehub-berlin.org\/de\/wp-json\/wp\/v2\/pages"}],"about":[{"href":"https:\/\/thehub-berlin.org\/de\/wp-json\/wp\/v2\/types\/page"}],"author":[{"embeddable":true,"href":"https:\/\/thehub-berlin.org\/de\/wp-json\/wp\/v2\/users\/2"}],"replies":[{"embeddable":true,"href":"https:\/\/thehub-berlin.org\/de\/wp-json\/wp\/v2\/comments?post=2623"}],"version-history":[{"count":41,"href":"https:\/\/thehub-berlin.org\/de\/wp-json\/wp\/v2\/pages\/2623\/revisions"}],"predecessor-version":[{"id":3293,"href":"https:\/\/thehub-berlin.org\/de\/wp-json\/wp\/v2\/pages\/2623\/revisions\/3293"}],"wp:attachment":[{"href":"https:\/\/thehub-berlin.org\/de\/wp-json\/wp\/v2\/media?parent=2623"}],"curies":[{"name":"wp","href":"https:\/\/api.w.org\/{rel}","templated":true}]}}

über uns

<div data-elementor-type="wp-page" data-elementor-id="2623" class="elementor elementor-2623 elementor-2045" data-elementor-settings="[]">
							<div class="elementor-section-wrap">
							<section class="elementor-section elementor-top-section elementor-element elementor-element-577dd5b elementor-section-boxed elementor-section-height-default elementor-section-height-default parallax_section_no qode_elementor_container_no qode-content-aligment-left" data-id="577dd5b" data-element_type="section">
						<div class="elementor-container elementor-column-gap-default">
					<div class="elementor-column elementor-col-66 elementor-top-column elementor-element elementor-element-b4e9160" data-id="b4e9160" data-element_type="column">
			<div class="elementor-widget-wrap elementor-element-populated">
								<div class="elementor-element elementor-element-ad5b789 elementor-widget elementor-widget-text-editor" data-id="ad5b789" data-element_type="widget" data-widget_type="text-editor.default">
				<div class="elementor-widget-container">
							<h5>The Hub e.V. ist ein gemeinnütziger Verein, der von Künstler*innen, Designer*innen, Kunstwissenschaftler*innen, Kurator*innen und Kunstmittler*innen gegründet wurde.</h5>
						</div>
				</div>
				<div class="elementor-element elementor-element-67167cf elementor-widget elementor-widget-text-editor" data-id="67167cf" data-element_type="widget" data-widget_type="text-editor.default">
				<div class="elementor-widget-container">
							<h6><b>Die Mission</b></h6>
<p>The Hub e.V. bewegt sich in seiner inhaltlichen Arbeit zwischen Ästhetischer Praxis, künstlerischer Forschung und bildender Kunst. The Hub e.V. ist ein Netzwerk und eine Plattform für ihre Mitglieder, um sich gemeinsam in Verfahrensweisen, künstlerischer (Ver-)Mittlung und theoretischer Reflexion zu stärken und interdisziplinäre Projekte zu realisieren. </p>
<p></p>
<p>Es ist uns wichtig mithilfe unserer Kunstvermittlung eine Brücke zu bauen, zwischen dem oft als exklusiv verstandenen Kunstwelt und Personen, die wegen ihres Sozial- oder Bildungshintergrundes keine Nähe zur Kunst haben.</p>
<p></p>
<p>Die Zusammenarbeit mit Gruppen gestalten wir bewusst prozesshaft und auf Augenhöhe, da wir selber auch das Arbeiten mit diversen Gruppen als besondere künstlerische Erfahrung verstehen und ebenso vom Blickwinkel unserer Workshopteilnehmer:innen profitieren.</p>
<p><b>&nbsp;</b></p>
<h6><b>Die Vision</b></h6>
<p>Wir verstehen unsere Arbeit als politische und künstlerische Arbeit, weil wir versuchen mithilfe der Kunstvermittlung gesellschaftliche Probleme anzusprechen und ihnen entgegenzuwirken, indem wir zum Beispiel wohnungslosen Jugendlichen mit ihrer Kunst zu mehr Sichtbarkeit im Stadtraum verhelfen, Schüler:innen ihre eigenen Ausstellung kuratieren lassen oder Flüchtlinge aktiv im Workshop Konzept mitwirken lassen.</p>
						</div>
				</div>
					</div>
		</div>
				<div class="elementor-column elementor-col-33 elementor-top-column elementor-element elementor-element-757d6d7" data-id="757d6d7" data-element_type="column">
			<div class="elementor-widget-wrap elementor-element-populated">
								<div class="elementor-element elementor-element-b5b0cd4 elementor-widget elementor-widget-image" data-id="b5b0cd4" data-element_type="widget" data-widget_type="image.default">
				<div class="elementor-widget-container">
															<img width="400" height="600" src="https://thehub-berlin.org/wp-content/uploads/2019/03/4E9A1815_Tomaschko.jpg" class="attachment-large size-large" alt="" loading="lazy" srcset="https://thehub-berlin.org/wp-content/uploads/2019/03/4E9A1815_Tomaschko.jpg 400w, https://thehub-berlin.org/wp-content/uploads/2019/03/4E9A1815_Tomaschko-200x300.jpg 200w" sizes="(max-width: 400px) 100vw, 400px" />															</div>
				</div>
					</div>
		</div>
							</div>
		</section>
				<section class="elementor-section elementor-top-section elementor-element elementor-element-b9aaa11 qode_elementor_container_inner elementor-section-boxed elementor-section-height-default elementor-section-height-default parallax_section_no qode-content-aligment-left" data-id="b9aaa11" data-element_type="section">
						<div class="elementor-container elementor-column-gap-default">
					<div class="elementor-column elementor-col-100 elementor-top-column elementor-element elementor-element-1d360c4" data-id="1d360c4" data-element_type="column">
			<div class="elementor-widget-wrap elementor-element-populated">
								<div class="elementor-element elementor-element-69a3ff9 elementor-widget elementor-widget-text-editor" data-id="69a3ff9" data-element_type="widget" data-widget_type="text-editor.default">
				<div class="elementor-widget-container">
							<h6>Vorstand des Vereins</h6>
<h6>Mona Jas, Alexandra Kersten, Alexia Manzano, Julia Schramm</h6>
<h6>Amtsgericht Berlin Charlottenburg<br />Vereinsregister Nr. VR 036437</h6>
<h3>&nbsp;</h3>
						</div>
				</div>
					</div>
		</div>
							</div>
		</section>
				<section class="elementor-section elementor-top-section elementor-element elementor-element-1b1480d elementor-section-boxed elementor-section-height-default elementor-section-height-default parallax_section_no qode_elementor_container_no qode-content-aligment-left" data-id="1b1480d" data-element_type="section">
						<div class="elementor-container elementor-column-gap-default">
					<div class="elementor-column elementor-col-100 elementor-top-column elementor-element elementor-element-06006e7" data-id="06006e7" data-element_type="column">
			<div class="elementor-widget-wrap elementor-element-populated">
									</div>
		</div>
							</div>
		</section>
						</div>
					</div>

<p>The Hub e.V. ist ein gemeinnütziger Verein, der von Künstler*innen, Designer*innen, Kunstwissenschaftler*innen, Kurator*innen und Kunstmittler*innen gegründet wurde. Die Mission The Hub e.V. bewegt sich in seiner inhaltlichen Arbeit zwischen Ästhetischer Praxis, künstlerischer Forschung und bildender Kunst. The Hub e.V. ist ein Netzwerk und eine Plattform&#8230;</p>
