{"id":2709,"date":"2021-12-10T11:52:08","date_gmt":"2021-12-10T10:52:08","guid":{"rendered":"https:\/\/thehub-berlin.voidstudio.ru\/project\/spaces-of-reflection\/"},"modified":"2022-08-11T17:00:02","modified_gmt":"2022-08-11T15:00:02","slug":"spaces-of-reflection","status":"publish","type":"project","link":"https:\/\/thehub-berlin.org\/de\/project\/spaces-of-reflection\/","title":{"rendered":"Spaces of Reflection"},"content":{"rendered":"\t\t<div data-elementor-type=\"wp-post\" data-elementor-id=\"2709\" class=\"elementor elementor-2709 elementor-2121\" data-elementor-settings=\"[]\">\n\t\t\t\t\t\t\t<div class=\"elementor-section-wrap\">\n\t\t\t\t\t\t\t<section class=\"elementor-section elementor-top-section elementor-element elementor-element-4d96f30 elementor-section-boxed elementor-section-height-default elementor-section-height-default parallax_section_no qode_elementor_container_no qode-content-aligment-left\" data-id=\"4d96f30\" data-element_type=\"section\">\n\t\t\t\t\t\t<div class=\"elementor-container elementor-column-gap-default\">\n\t\t\t\t\t<div class=\"elementor-column elementor-col-100 elementor-top-column elementor-element elementor-element-a8cea0c\" data-id=\"a8cea0c\" data-element_type=\"column\">\n\t\t\t<div class=\"elementor-widget-wrap elementor-element-populated\">\n\t\t\t\t\t\t\t\t<div class=\"elementor-element elementor-element-fb59507 elementor-widget elementor-widget-image\" data-id=\"fb59507\" data-element_type=\"widget\" data-widget_type=\"image.default\">\n\t\t\t\t<div class=\"elementor-widget-container\">\n\t\t\t\t\t\t\t\t\t\t\t\t<figure class=\"wp-caption\">\n\t\t\t\t\t\t\t\t\t\t<img width=\"720\" height=\"480\" src=\"https:\/\/thehub-berlin.org\/wp-content\/uploads\/2018\/02\/1_MG_5131-1-1024x683.jpg\" class=\"attachment-large size-large\" alt=\"\" loading=\"lazy\" srcset=\"https:\/\/thehub-berlin.org\/wp-content\/uploads\/2018\/02\/1_MG_5131-1-1024x683.jpg 1024w, https:\/\/thehub-berlin.org\/wp-content\/uploads\/2018\/02\/1_MG_5131-1-300x200.jpg 300w, https:\/\/thehub-berlin.org\/wp-content\/uploads\/2018\/02\/1_MG_5131-1-768x512.jpg 768w, https:\/\/thehub-berlin.org\/wp-content\/uploads\/2018\/02\/1_MG_5131-1-624x416.jpg 624w, https:\/\/thehub-berlin.org\/wp-content\/uploads\/2018\/02\/1_MG_5131-1-e1518954522723.jpg 720w\" sizes=\"(max-width: 720px) 100vw, 720px\" \/>\t\t\t\t\t\t\t\t\t\t\t<figcaption class=\"widget-image-caption wp-caption-text\">Spaces of Reflection: Meeting with Monika Szewczyk and Aboubakar Fofana discussing  documenta14 and Spaces of Reflection \u00a9 Alexia Manzano 2017<\/figcaption>\n\t\t\t\t\t\t\t\t\t\t<\/figure>\n\t\t\t\t\t\t\t\t\t<\/div>\n\t\t\t\t<\/div>\n\t\t\t\t\t<\/div>\n\t\t<\/div>\n\t\t\t\t\t\t\t<\/div>\n\t\t<\/section>\n\t\t\t\t<section class=\"elementor-section elementor-top-section elementor-element elementor-element-832cae2 elementor-section-boxed elementor-section-height-default elementor-section-height-default parallax_section_no qode_elementor_container_no qode-content-aligment-left\" data-id=\"832cae2\" data-element_type=\"section\">\n\t\t\t\t\t\t<div class=\"elementor-container elementor-column-gap-default\">\n\t\t\t\t\t<div class=\"elementor-column elementor-col-100 elementor-top-column elementor-element elementor-element-7643296\" data-id=\"7643296\" data-element_type=\"column\">\n\t\t\t<div class=\"elementor-widget-wrap elementor-element-populated\">\n\t\t\t\t\t\t\t\t<div class=\"elementor-element elementor-element-8e8d0e7 elementor-widget elementor-widget-text-editor\" data-id=\"8e8d0e7\" data-element_type=\"widget\" data-widget_type=\"text-editor.default\">\n\t\t\t\t<div class=\"elementor-widget-container\">\n\t\t\t\t\t\t\t<p>Spaces of Reflection zielt darauf ab, (Ver-)mittlungsmethoden zu entwickeln, die den Diskurs in gro\u00dfen Ausstellungen wie der Documenta anregen. Es geht dabei um den Versuch, alternative Formen des Lernens durch transdisziplin\u00e4ren Austausch und kritischen Diskurs im Bereich der Kunst(ver-)mittlung zu etablieren.<\/p>\n<\/p>\n<p>Inspiriert von den Fragen, die die documenta14 evoziert hat, kam die Gruppe \u2013 bestehend aus Studierenden der Bildenden Kunst, visuellen Kommunikation und Kunstgeschichte mit Mitgliedern des Chorus der documenta14, K\u00fcnstler*innen und Anthropolog*innen aus Athen und Berlin zusammen.<\/p>\n<\/p>\n<p>Wie k\u00f6nnen wir von Kunst durch (Ver-)Mittlung auf nachhaltige Weise lernen? Das Projekt begreift sich als Plattform und zielt darauf ab, ein Open-Source-Archiv f\u00fcr kreative (Ver-)Mittlungsmethoden und k\u00fcnstlerische Interventionen zu schaffen, die von und mit verschiedenen Gruppen im Rahmen von Ausstellungen oder im \u00f6ffentlichen Raum durchgef\u00fchrt werden.<\/p>\n<\/p>\n<p>Die erste Arbeitsphase fand vom 25. Oktober bis 6. November 2017 an den Standorten in Athen statt.<\/p>\n<\/p>\n<p>Die zweite Arbeitsphase fand vom 21. bis 28. Februar 2018 im Rahmen der Berlin Biennale f\u00fcr zeitgen\u00f6ssische Kunst in Berlin statt.<\/p>\n<\/p>\n<p>Spaces of Reflection wird von der Kunsthochschule Wei\u00dfensee, der Mart Stam Stiftung und dem Goethe Institut Athen unterst\u00fctzt.<\/p>\n\t\t\t\t\t\t<\/div>\n\t\t\t\t<\/div>\n\t\t\t\t\t<\/div>\n\t\t<\/div>\n\t\t\t\t\t\t\t<\/div>\n\t\t<\/section>\n\t\t\t\t<section class=\"elementor-section elementor-top-section elementor-element elementor-element-d63dd9d elementor-section-boxed elementor-section-height-default elementor-section-height-default parallax_section_no qode_elementor_container_no qode-content-aligment-left\" data-id=\"d63dd9d\" data-element_type=\"section\">\n\t\t\t\t\t\t<div class=\"elementor-container elementor-column-gap-default\">\n\t\t\t\t\t<div class=\"elementor-column elementor-col-100 elementor-top-column elementor-element elementor-element-e8db117\" data-id=\"e8db117\" data-element_type=\"column\">\n\t\t\t<div class=\"elementor-widget-wrap elementor-element-populated\">\n\t\t\t\t\t\t\t\t<div class=\"elementor-element elementor-element-860084f elementor-widget elementor-widget-qode_interactive_links\" data-id=\"860084f\" data-element_type=\"widget\" data-widget_type=\"qode_interactive_links.default\">\n\t\t\t\t<div class=\"elementor-widget-container\">\n\t\t\t<div class=\"qode-interactive-links qode-il-links-below\">\r\n    <div class=\"qode-il-inner\">\r\n        <div class=\"qode-il-images-holder\">\r\n            <div class=\"qode-il-images-holder-inner\">\r\n                                        <div class=\"qode-il-image\" data-index=\"0\">\r\n                            <a itemprop=\"link\" class=\"qode-il-image-link\" href=\"http:\/\/www.instagram.com\/spacesofreflection\/\" target=\"_blank\" data-index=\"0\">\r\n                                                            <\/a>\r\n                            <div class=\"qode-il-responsive-title-holder\">\r\n                                <h5 class=\"qode-il-links-holder\">\r\n                                    <a itemprop=\"link\" class=\"qode-il-link qode-il-responsive-title\" href=\"http:\/\/www.instagram.com\/spacesofreflection\/\" target=\"_blank\" data-index=\"0\">\r\n                                        <span class=\"qode-il-title\">Folgt uns auf Instagram<\/span>\r\n                                    <\/a>\r\n                                <\/h5>\r\n                            <\/div>\r\n                        <\/div>\r\n                                            <div class=\"qode-il-image\" data-index=\"1\">\r\n                            <a itemprop=\"link\" class=\"qode-il-image-link\" href=\"http:\/\/www.kh-berlin.de\/projekt-detail\/Project\/detail\/spaces-of-reflection-2392.html\" target=\"_blank\" data-index=\"1\">\r\n                                                            <\/a>\r\n                            <div class=\"qode-il-responsive-title-holder\">\r\n                                <h5 class=\"qode-il-links-holder\">\r\n                                    <a itemprop=\"link\" class=\"qode-il-link qode-il-responsive-title\" href=\"http:\/\/www.kh-berlin.de\/projekt-detail\/Project\/detail\/spaces-of-reflection-2392.html\" target=\"_blank\" data-index=\"1\">\r\n                                        <span class=\"qode-il-title\">KH - Berlin<\/span>\r\n                                    <\/a>\r\n                                <\/h5>\r\n                            <\/div>\r\n                        <\/div>\r\n                                <\/div>\r\n        <\/div>\r\n        <div class=\"qode-il-titles-holder\">\r\n            <h5 class=\"qode-il-links-holder\">\r\n                                        <a itemprop=\"link\" class=\"qode-il-link\" href=\"http:\/\/www.instagram.com\/spacesofreflection\/\" target=\"_blank\" data-index=\"0\">\r\n                            <span class=\"qode-il-title\">Folgt uns auf Instagram<\/span>\r\n                        <\/a>\r\n                                            <a itemprop=\"link\" class=\"qode-il-link\" href=\"http:\/\/www.kh-berlin.de\/projekt-detail\/Project\/detail\/spaces-of-reflection-2392.html\" target=\"_blank\" data-index=\"1\">\r\n                            <span class=\"qode-il-title\">KH - Berlin<\/span>\r\n                        <\/a>\r\n                                <\/h5>\r\n        <\/div>\r\n            <\/div>\r\n<\/div>\t\t<\/div>\n\t\t\t\t<\/div>\n\t\t\t\t\t<\/div>\n\t\t<\/div>\n\t\t\t\t\t\t\t<\/div>\n\t\t<\/section>\n\t\t\t\t<section class=\"elementor-section elementor-top-section elementor-element elementor-element-111b69c elementor-section-boxed elementor-section-height-default elementor-section-height-default parallax_section_no qode_elementor_container_no qode-content-aligment-left\" data-id=\"111b69c\" data-element_type=\"section\">\n\t\t\t\t\t\t<div class=\"elementor-container elementor-column-gap-default\">\n\t\t\t\t\t<div class=\"elementor-column elementor-col-100 elementor-top-column elementor-element elementor-element-0d1db88\" data-id=\"0d1db88\" data-element_type=\"column\">\n\t\t\t<div class=\"elementor-widget-wrap elementor-element-populated\">\n\t\t\t\t\t\t\t\t<div class=\"elementor-element elementor-element-7bf1cec gallery-spacing-custom elementor-widget elementor-widget-image-gallery\" data-id=\"7bf1cec\" data-element_type=\"widget\" data-widget_type=\"image-gallery.default\">\n\t\t\t\t<div class=\"elementor-widget-container\">\n\t\t\t\t\t<div class=\"elementor-image-gallery\">\n\t\t\t\n\t\t<style type=\"text\/css\">\n\t\t\t#gallery-1 {\n\t\t\t\tmargin: auto;\n\t\t\t}\n\t\t\t#gallery-1 .gallery-item {\n\t\t\t\tfloat: left;\n\t\t\t\tmargin-top: 10px;\n\t\t\t\ttext-align: center;\n\t\t\t\twidth: 33%;\n\t\t\t}\n\t\t\t#gallery-1 img {\n\t\t\t\tborder: 2px solid #cfcfcf;\n\t\t\t}\n\t\t\t#gallery-1 .gallery-caption {\n\t\t\t\tmargin-left: 0;\n\t\t\t}\n\t\t\t\/* see gallery_shortcode() in wp-includes\/media.php *\/\n\t\t<\/style>\n\t\t<div id='gallery-1' class='gallery galleryid-2709 gallery-columns-3 gallery-size-full'><dl class='gallery-item'>\n\t\t\t<dt class='gallery-icon landscape'>\n\t\t\t\t<img width=\"720\" height=\"480\" src=\"https:\/\/thehub-berlin.org\/wp-content\/uploads\/2018\/02\/2_PARK-1-1.jpg\" class=\"attachment-full size-full\" alt=\"\" loading=\"lazy\" aria-describedby=\"gallery-1-2222\" srcset=\"https:\/\/thehub-berlin.org\/wp-content\/uploads\/2018\/02\/2_PARK-1-1.jpg 720w, https:\/\/thehub-berlin.org\/wp-content\/uploads\/2018\/02\/2_PARK-1-1-300x200.jpg 300w, https:\/\/thehub-berlin.org\/wp-content\/uploads\/2018\/02\/2_PARK-1-1-624x416.jpg 624w\" sizes=\"(max-width: 720px) 100vw, 720px\" \/>\n\t\t\t<\/dt>\n\t\t\t\t<dd class='wp-caption-text gallery-caption' id='gallery-1-2222'>\n\t\t\t\tSpaces of Reflection: First day in Athens \u00a9 Alexia Manzano 2017\n\t\t\t\t<\/dd><\/dl><dl class='gallery-item'>\n\t\t\t<dt class='gallery-icon landscape'>\n\t\t\t\t<img width=\"720\" height=\"720\" src=\"https:\/\/thehub-berlin.org\/wp-content\/uploads\/2018\/02\/3_IMG_4663-1-e1518954536161.jpg\" class=\"attachment-full size-full\" alt=\"\" loading=\"lazy\" aria-describedby=\"gallery-1-2220\" \/>\n\t\t\t<\/dt>\n\t\t\t\t<dd class='wp-caption-text gallery-caption' id='gallery-1-2220'>\n\t\t\t\tLetters written with rice &#8211; an idea created by Jennifer Allen Workshop at the Epigraphical Museum Athens with Mona Jas \u00a9 Mona Jas\n\t\t\t\t<\/dd><\/dl><dl class='gallery-item'>\n\t\t\t<dt class='gallery-icon landscape'>\n\t\t\t\t<img width=\"720\" height=\"720\" src=\"https:\/\/thehub-berlin.org\/wp-content\/uploads\/2018\/02\/4_IMG_4664-1-e1518954548607.jpg\" class=\"attachment-full size-full\" alt=\"\" loading=\"lazy\" aria-describedby=\"gallery-1-2219\" \/>\n\t\t\t<\/dt>\n\t\t\t\t<dd class='wp-caption-text gallery-caption' id='gallery-1-2219'>\n\t\t\t\tWhispering Workshop by Jasmeen Adeshoun at First Cementary of Athens.\n#spacesofreflection #d14whatremains #workshop #whisperingcampaign #pope.L #documenta14 \u00a9 Mona Jas\n\n\t\t\t\t<\/dd><\/dl><br style=\"clear: both\" \/>\n\t\t<\/div>\n\t\t<\/div>\n\t\t\t\t<\/div>\n\t\t\t\t<\/div>\n\t\t\t\t\t<\/div>\n\t\t<\/div>\n\t\t\t\t\t\t\t<\/div>\n\t\t<\/section>\n\t\t\t\t\t\t<\/div>\n\t\t\t\t\t<\/div>\n\t\t","protected":false},"excerpt":{"rendered":"<p>Spaces of Reflection: Meeting with Monika Szewczyk and Aboubakar Fofana discussing documenta14 and Spaces of Reflection \u00a9 Alexia Manzano 2017 Spaces of Reflection zielt darauf ab, (Ver-)mittlungsmethoden zu entwickeln, die den Diskurs in gro\u00dfen Ausstellungen wie der Documenta anregen. Es geht dabei um den Versuch,&#8230;<\/p>\n","protected":false},"parent":0,"menu_order":0,"template":"","meta":[],"_links":{"self":[{"href":"https:\/\/thehub-berlin.org\/de\/wp-json\/wp\/v2\/project\/2709"}],"collection":[{"href":"https:\/\/thehub-berlin.org\/de\/wp-json\/wp\/v2\/project"}],"about":[{"href":"https:\/\/thehub-berlin.org\/de\/wp-json\/wp\/v2\/types\/project"}],"version-history":[{"count":28,"href":"https:\/\/thehub-berlin.org\/de\/wp-json\/wp\/v2\/project\/2709\/revisions"}],"predecessor-version":[{"id":3254,"href":"https:\/\/thehub-berlin.org\/de\/wp-json\/wp\/v2\/project\/2709\/revisions\/3254"}],"wp:attachment":[{"href":"https:\/\/thehub-berlin.org\/de\/wp-json\/wp\/v2\/media?parent=2709"}],"curies":[{"name":"wp","href":"https:\/\/api.w.org\/{rel}","templated":true}]}}

<div data-elementor-type="wp-post" data-elementor-id="2709" class="elementor elementor-2709 elementor-2121" data-elementor-settings="[]">
							<div class="elementor-section-wrap">
							<section class="elementor-section elementor-top-section elementor-element elementor-element-4d96f30 elementor-section-boxed elementor-section-height-default elementor-section-height-default parallax_section_no qode_elementor_container_no qode-content-aligment-left" data-id="4d96f30" data-element_type="section">
						<div class="elementor-container elementor-column-gap-default">
					<div class="elementor-column elementor-col-100 elementor-top-column elementor-element elementor-element-a8cea0c" data-id="a8cea0c" data-element_type="column">
			<div class="elementor-widget-wrap elementor-element-populated">
								<div class="elementor-element elementor-element-fb59507 elementor-widget elementor-widget-image" data-id="fb59507" data-element_type="widget" data-widget_type="image.default">
				<div class="elementor-widget-container">
												<figure class="wp-caption">
										<img width="720" height="480" src="https://thehub-berlin.org/wp-content/uploads/2018/02/1_MG_5131-1-1024x683.jpg" class="attachment-large size-large" alt="" loading="lazy" srcset="https://thehub-berlin.org/wp-content/uploads/2018/02/1_MG_5131-1-1024x683.jpg 1024w, https://thehub-berlin.org/wp-content/uploads/2018/02/1_MG_5131-1-300x200.jpg 300w, https://thehub-berlin.org/wp-content/uploads/2018/02/1_MG_5131-1-768x512.jpg 768w, https://thehub-berlin.org/wp-content/uploads/2018/02/1_MG_5131-1-624x416.jpg 624w, https://thehub-berlin.org/wp-content/uploads/2018/02/1_MG_5131-1-e1518954522723.jpg 720w" sizes="(max-width: 720px) 100vw, 720px" />											<figcaption class="widget-image-caption wp-caption-text">Spaces of Reflection: Meeting with Monika Szewczyk and Aboubakar Fofana discussing  documenta14 and Spaces of Reflection © Alexia Manzano 2017</figcaption>
										</figure>
									</div>
				</div>
					</div>
		</div>
							</div>
		</section>
				<section class="elementor-section elementor-top-section elementor-element elementor-element-832cae2 elementor-section-boxed elementor-section-height-default elementor-section-height-default parallax_section_no qode_elementor_container_no qode-content-aligment-left" data-id="832cae2" data-element_type="section">
						<div class="elementor-container elementor-column-gap-default">
					<div class="elementor-column elementor-col-100 elementor-top-column elementor-element elementor-element-7643296" data-id="7643296" data-element_type="column">
			<div class="elementor-widget-wrap elementor-element-populated">
								<div class="elementor-element elementor-element-8e8d0e7 elementor-widget elementor-widget-text-editor" data-id="8e8d0e7" data-element_type="widget" data-widget_type="text-editor.default">
				<div class="elementor-widget-container">
							<p>Spaces of Reflection zielt darauf ab, (Ver-)mittlungsmethoden zu entwickeln, die den Diskurs in großen Ausstellungen wie der Documenta anregen. Es geht dabei um den Versuch, alternative Formen des Lernens durch transdisziplinären Austausch und kritischen Diskurs im Bereich der Kunst(ver-)mittlung zu etablieren.</p>
</p>
<p>Inspiriert von den Fragen, die die documenta14 evoziert hat, kam die Gruppe – bestehend aus Studierenden der Bildenden Kunst, visuellen Kommunikation und Kunstgeschichte mit Mitgliedern des Chorus der documenta14, Künstler*innen und Anthropolog*innen aus Athen und Berlin zusammen.</p>
</p>
<p>Wie können wir von Kunst durch (Ver-)Mittlung auf nachhaltige Weise lernen? Das Projekt begreift sich als Plattform und zielt darauf ab, ein Open-Source-Archiv für kreative (Ver-)Mittlungsmethoden und künstlerische Interventionen zu schaffen, die von und mit verschiedenen Gruppen im Rahmen von Ausstellungen oder im öffentlichen Raum durchgeführt werden.</p>
</p>
<p>Die erste Arbeitsphase fand vom 25. Oktober bis 6. November 2017 an den Standorten in Athen statt.</p>
</p>
<p>Die zweite Arbeitsphase fand vom 21. bis 28. Februar 2018 im Rahmen der Berlin Biennale für zeitgenössische Kunst in Berlin statt.</p>
</p>
<p>Spaces of Reflection wird von der Kunsthochschule Weißensee, der Mart Stam Stiftung und dem Goethe Institut Athen unterstützt.</p>
						</div>
				</div>
					</div>
		</div>
							</div>
		</section>
				<section class="elementor-section elementor-top-section elementor-element elementor-element-d63dd9d elementor-section-boxed elementor-section-height-default elementor-section-height-default parallax_section_no qode_elementor_container_no qode-content-aligment-left" data-id="d63dd9d" data-element_type="section">
						<div class="elementor-container elementor-column-gap-default">
					<div class="elementor-column elementor-col-100 elementor-top-column elementor-element elementor-element-e8db117" data-id="e8db117" data-element_type="column">
			<div class="elementor-widget-wrap elementor-element-populated">
								<div class="elementor-element elementor-element-860084f elementor-widget elementor-widget-qode_interactive_links" data-id="860084f" data-element_type="widget" data-widget_type="qode_interactive_links.default">
				<div class="elementor-widget-container">
			<div class="qode-interactive-links qode-il-links-below">
    <div class="qode-il-inner">
        <div class="qode-il-images-holder">
            <div class="qode-il-images-holder-inner">
                                        <div class="qode-il-image" data-index="0">
                            <a itemprop="link" class="qode-il-image-link" href="http://www.instagram.com/spacesofreflection/" target="_blank" data-index="0">
                                                            </a>
                            <div class="qode-il-responsive-title-holder">
                                <h5 class="qode-il-links-holder">
                                    <a itemprop="link" class="qode-il-link qode-il-responsive-title" href="http://www.instagram.com/spacesofreflection/" target="_blank" data-index="0">
                                        <span class="qode-il-title">Folgt uns auf Instagram</span>
                                    </a>
                                </h5>
                            </div>
                        </div>
                                            <div class="qode-il-image" data-index="1">
                            <a itemprop="link" class="qode-il-image-link" href="http://www.kh-berlin.de/projekt-detail/Project/detail/spaces-of-reflection-2392.html" target="_blank" data-index="1">
                                                            </a>
                            <div class="qode-il-responsive-title-holder">
                                <h5 class="qode-il-links-holder">
                                    <a itemprop="link" class="qode-il-link qode-il-responsive-title" href="http://www.kh-berlin.de/projekt-detail/Project/detail/spaces-of-reflection-2392.html" target="_blank" data-index="1">
                                        <span class="qode-il-title">KH - Berlin</span>
                                    </a>
                                </h5>
                            </div>
                        </div>
                                </div>
        </div>
        <div class="qode-il-titles-holder">
            <h5 class="qode-il-links-holder">
                                        <a itemprop="link" class="qode-il-link" href="http://www.instagram.com/spacesofreflection/" target="_blank" data-index="0">
                            <span class="qode-il-title">Folgt uns auf Instagram</span>
                        </a>
                                            <a itemprop="link" class="qode-il-link" href="http://www.kh-berlin.de/projekt-detail/Project/detail/spaces-of-reflection-2392.html" target="_blank" data-index="1">
                            <span class="qode-il-title">KH - Berlin</span>
                        </a>
                                </h5>
        </div>
            </div>
</div>		</div>
				</div>
					</div>
		</div>
							</div>
		</section>
				<section class="elementor-section elementor-top-section elementor-element elementor-element-111b69c elementor-section-boxed elementor-section-height-default elementor-section-height-default parallax_section_no qode_elementor_container_no qode-content-aligment-left" data-id="111b69c" data-element_type="section">
						<div class="elementor-container elementor-column-gap-default">
					<div class="elementor-column elementor-col-100 elementor-top-column elementor-element elementor-element-0d1db88" data-id="0d1db88" data-element_type="column">
			<div class="elementor-widget-wrap elementor-element-populated">
								<div class="elementor-element elementor-element-7bf1cec gallery-spacing-custom elementor-widget elementor-widget-image-gallery" data-id="7bf1cec" data-element_type="widget" data-widget_type="image-gallery.default">
				<div class="elementor-widget-container">
					<div class="elementor-image-gallery">
			
		<style type="text/css">
			#gallery-1 {
				margin: auto;
			}
			#gallery-1 .gallery-item {
				float: left;
				margin-top: 10px;
				text-align: center;
				width: 33%;
			}
			#gallery-1 img {
				border: 2px solid #cfcfcf;
			}
			#gallery-1 .gallery-caption {
				margin-left: 0;
			}
			/* see gallery_shortcode() in wp-includes/media.php */
		</style>
		<div id='gallery-1' class='gallery galleryid-2709 gallery-columns-3 gallery-size-full'><dl class='gallery-item'>
			<dt class='gallery-icon landscape'>
				<img width="720" height="480" src="https://thehub-berlin.org/wp-content/uploads/2018/02/2_PARK-1-1.jpg" class="attachment-full size-full" alt="" loading="lazy" aria-describedby="gallery-1-2222" srcset="https://thehub-berlin.org/wp-content/uploads/2018/02/2_PARK-1-1.jpg 720w, https://thehub-berlin.org/wp-content/uploads/2018/02/2_PARK-1-1-300x200.jpg 300w, https://thehub-berlin.org/wp-content/uploads/2018/02/2_PARK-1-1-624x416.jpg 624w" sizes="(max-width: 720px) 100vw, 720px" />
			</dt>
				<dd class='wp-caption-text gallery-caption' id='gallery-1-2222'>
				Spaces of Reflection: First day in Athens © Alexia Manzano 2017
				</dd></dl><dl class='gallery-item'>
			<dt class='gallery-icon landscape'>
				<img width="720" height="720" src="https://thehub-berlin.org/wp-content/uploads/2018/02/3_IMG_4663-1-e1518954536161.jpg" class="attachment-full size-full" alt="" loading="lazy" aria-describedby="gallery-1-2220" />
			</dt>
				<dd class='wp-caption-text gallery-caption' id='gallery-1-2220'>
				Letters written with rice &#8211; an idea created by Jennifer Allen Workshop at the Epigraphical Museum Athens with Mona Jas © Mona Jas
				</dd></dl><dl class='gallery-item'>
			<dt class='gallery-icon landscape'>
				<img width="720" height="720" src="https://thehub-berlin.org/wp-content/uploads/2018/02/4_IMG_4664-1-e1518954548607.jpg" class="attachment-full size-full" alt="" loading="lazy" aria-describedby="gallery-1-2219" />
			</dt>
				<dd class='wp-caption-text gallery-caption' id='gallery-1-2219'>
				Whispering Workshop by Jasmeen Adeshoun at First Cementary of Athens.
#spacesofreflection #d14whatremains #workshop #whisperingcampaign #pope.L #documenta14 © Mona Jas

				</dd></dl><br style="clear: both" />
		</div>
		</div>
				</div>
				</div>
					</div>
		</div>
							</div>
		</section>
						</div>
					</div>

<p>Spaces of Reflection: Meeting with Monika Szewczyk and Aboubakar Fofana discussing documenta14 and Spaces of Reflection © Alexia Manzano 2017 Spaces of Reflection zielt darauf ab, (Ver-)mittlungsmethoden zu entwickeln, die den Diskurs in großen Ausstellungen wie der Documenta anregen. Es geht dabei um den Versuch,&#8230;</p>
