{"id":3030,"date":"2022-08-10T16:09:33","date_gmt":"2022-08-10T14:09:33","guid":{"rendered":"https:\/\/thehub-berlin.voidstudio.ru\/project\/berlinbiennale_vonmiraus\/bbvma-kreuzberg\/"},"modified":"2023-01-18T20:37:00","modified_gmt":"2023-01-18T19:37:00","slug":"bbvma-kreuzberg","status":"publish","type":"project","link":"https:\/\/thehub-berlin.org\/de\/project\/berlinbiennale_vonmiraus\/bbvma-kreuzberg\/","title":{"rendered":"BBvma Kreuzberg"},"content":{"rendered":"\t\t<div data-elementor-type=\"wp-post\" data-elementor-id=\"3030\" class=\"elementor elementor-3030 elementor-1627\" data-elementor-settings=\"[]\">\n\t\t\t\t\t\t\t<div class=\"elementor-section-wrap\">\n\t\t\t\t\t\t\t<section class=\"elementor-section elementor-top-section elementor-element elementor-element-74469341 elementor-section-boxed elementor-section-height-default elementor-section-height-default parallax_section_no qode_elementor_container_no qode-content-aligment-left\" data-id=\"74469341\" data-element_type=\"section\">\n\t\t\t\t\t\t<div class=\"elementor-container elementor-column-gap-default\">\n\t\t\t\t\t<div class=\"elementor-column elementor-col-100 elementor-top-column elementor-element elementor-element-4f47327d\" data-id=\"4f47327d\" data-element_type=\"column\">\n\t\t\t<div class=\"elementor-widget-wrap elementor-element-populated\">\n\t\t\t\t\t\t\t\t<div class=\"elementor-element elementor-element-4d84fb4a elementor-widget elementor-widget-text-editor\" data-id=\"4d84fb4a\" data-element_type=\"widget\" data-widget_type=\"text-editor.default\">\n\t\t\t\t<div class=\"elementor-widget-container\">\n\t\t\t\t\t\t\t<p>Innerhalb einer Projektwoche erhielten die Jugendlichen Einblicke in die Kunst des Interviews und konnten diese in einem abschlie\u00dfenden Gespr\u00e4ch mit dem Kurator Thiago de Paula Souza (Kurator der 10.Berlin Biennale) praktisch erproben.<\/p>\n<\/p>\n<p>Zun\u00e4chst wurden gemeinsam einzelne Parameter eines guten Interviews festgelegt und \u00fcberlegt welche Frageformen, Strukturen, Ziele, Instrumente und M\u00f6glichkeiten es \u00fcberhaupt gibt. Die Recherche und intensive Auseinandersetzung mit der Arbeit und Biografie von Thiago de Paula Souza sowie den Kurator*innen der 10.Berlin Biennale wurde gemeinsam ausge\u00fcbt. Spielerische Assoziationsketten, weitere k\u00fcnstlerischer Medien und performative \u00dcbungen zur Vorbereitung des Interviews wurden in kleineren und gr\u00f6\u00dferen Gruppen durchgef\u00fchrt. Als Resultat wurde ein gemeinsamer Fragenkatalog erstellt. Danach wurden von der gesamten Klasse Interview-Moderator*innen erkoren, die in Anwesenheit der anderen Sch\u00fcler*innen, das Interview mit Thiago de Paula Souza durchgef\u00fchrt und aufgenommen haben. Anna Ehrenstein     <\/p>\n\t\t\t\t\t\t<\/div>\n\t\t\t\t<\/div>\n\t\t\t\t\t<\/div>\n\t\t<\/div>\n\t\t\t\t\t\t\t<\/div>\n\t\t<\/section>\n\t\t\t\t\t\t<\/div>\n\t\t\t\t\t<\/div>\n\t\t","protected":false},"excerpt":{"rendered":"<p>Innerhalb einer Projektwoche erhielten die Jugendlichen Einblicke in die Kunst des Interviews und konnten diese in einem abschlie\u00dfenden Gespr\u00e4ch mit dem Kurator Thiago de Paula Souza (Kurator der 10.Berlin Biennale) praktisch erproben. Zun\u00e4chst wurden gemeinsam einzelne Parameter eines guten Interviews festgelegt und \u00fcberlegt welche Frageformen,&#8230;<\/p>\n","protected":false},"parent":2720,"menu_order":0,"template":"","meta":[],"_links":{"self":[{"href":"https:\/\/thehub-berlin.org\/de\/wp-json\/wp\/v2\/project\/3030"}],"collection":[{"href":"https:\/\/thehub-berlin.org\/de\/wp-json\/wp\/v2\/project"}],"about":[{"href":"https:\/\/thehub-berlin.org\/de\/wp-json\/wp\/v2\/types\/project"}],"version-history":[{"count":2,"href":"https:\/\/thehub-berlin.org\/de\/wp-json\/wp\/v2\/project\/3030\/revisions"}],"predecessor-version":[{"id":3288,"href":"https:\/\/thehub-berlin.org\/de\/wp-json\/wp\/v2\/project\/3030\/revisions\/3288"}],"up":[{"embeddable":true,"href":"https:\/\/thehub-berlin.org\/de\/wp-json\/wp\/v2\/project\/2720"}],"wp:attachment":[{"href":"https:\/\/thehub-berlin.org\/de\/wp-json\/wp\/v2\/media?parent=3030"}],"curies":[{"name":"wp","href":"https:\/\/api.w.org\/{rel}","templated":true}]}}

<div data-elementor-type="wp-post" data-elementor-id="3030" class="elementor elementor-3030 elementor-1627" data-elementor-settings="[]">
							<div class="elementor-section-wrap">
							<section class="elementor-section elementor-top-section elementor-element elementor-element-74469341 elementor-section-boxed elementor-section-height-default elementor-section-height-default parallax_section_no qode_elementor_container_no qode-content-aligment-left" data-id="74469341" data-element_type="section">
						<div class="elementor-container elementor-column-gap-default">
					<div class="elementor-column elementor-col-100 elementor-top-column elementor-element elementor-element-4f47327d" data-id="4f47327d" data-element_type="column">
			<div class="elementor-widget-wrap elementor-element-populated">
								<div class="elementor-element elementor-element-4d84fb4a elementor-widget elementor-widget-text-editor" data-id="4d84fb4a" data-element_type="widget" data-widget_type="text-editor.default">
				<div class="elementor-widget-container">
							<p>Innerhalb einer Projektwoche erhielten die Jugendlichen Einblicke in die Kunst des Interviews und konnten diese in einem abschließenden Gespräch mit dem Kurator Thiago de Paula Souza (Kurator der 10.Berlin Biennale) praktisch erproben.</p>
</p>
<p>Zunächst wurden gemeinsam einzelne Parameter eines guten Interviews festgelegt und überlegt welche Frageformen, Strukturen, Ziele, Instrumente und Möglichkeiten es überhaupt gibt. Die Recherche und intensive Auseinandersetzung mit der Arbeit und Biografie von Thiago de Paula Souza sowie den Kurator*innen der 10.Berlin Biennale wurde gemeinsam ausgeübt. Spielerische Assoziationsketten, weitere künstlerischer Medien und performative Übungen zur Vorbereitung des Interviews wurden in kleineren und größeren Gruppen durchgeführt. Als Resultat wurde ein gemeinsamer Fragenkatalog erstellt. Danach wurden von der gesamten Klasse Interview-Moderator*innen erkoren, die in Anwesenheit der anderen Schüler*innen, das Interview mit Thiago de Paula Souza durchgeführt und aufgenommen haben. Anna Ehrenstein     </p>
						</div>
				</div>
					</div>
		</div>
							</div>
		</section>
						</div>
					</div>

<p>Innerhalb einer Projektwoche erhielten die Jugendlichen Einblicke in die Kunst des Interviews und konnten diese in einem abschließenden Gespräch mit dem Kurator Thiago de Paula Souza (Kurator der 10.Berlin Biennale) praktisch erproben. Zunächst wurden gemeinsam einzelne Parameter eines guten Interviews festgelegt und überlegt welche Frageformen,&#8230;</p>
