{"id":3053,"date":"2022-08-10T17:05:40","date_gmt":"2022-08-10T15:05:40","guid":{"rendered":"https:\/\/thehub-berlin.voidstudio.ru\/project\/berlinbiennale_vonmiraus\/bbvma-neukoelln\/"},"modified":"2023-01-18T20:22:51","modified_gmt":"2023-01-18T19:22:51","slug":"bbvma-neukoelln","status":"publish","type":"project","link":"https:\/\/thehub-berlin.org\/de\/project\/berlinbiennale_vonmiraus\/bbvma-neukoelln\/","title":{"rendered":"BBvma Neuk\u00f6lln"},"content":{"rendered":"\t\t<div data-elementor-type=\"wp-post\" data-elementor-id=\"3053\" class=\"elementor elementor-3053 elementor-1815\" data-elementor-settings=\"[]\">\n\t\t\t\t\t\t\t<div class=\"elementor-section-wrap\">\n\t\t\t\t\t\t\t<section class=\"elementor-section elementor-top-section elementor-element elementor-element-4b99a4f elementor-section-boxed elementor-section-height-default elementor-section-height-default parallax_section_no qode_elementor_container_no qode-content-aligment-left\" data-id=\"4b99a4f\" data-element_type=\"section\">\n\t\t\t\t\t\t<div class=\"elementor-container elementor-column-gap-default\">\n\t\t\t\t\t<div class=\"elementor-column elementor-col-100 elementor-top-column elementor-element elementor-element-fdeda0b\" data-id=\"fdeda0b\" data-element_type=\"column\">\n\t\t\t<div class=\"elementor-widget-wrap elementor-element-populated\">\n\t\t\t\t\t\t\t\t<div class=\"elementor-element elementor-element-ca23b02 elementor-widget elementor-widget-image\" data-id=\"ca23b02\" data-element_type=\"widget\" data-widget_type=\"image.default\">\n\t\t\t\t<div class=\"elementor-widget-container\">\n\t\t\t\t\t\t\t\t\t\t\t\t\t\t\t<img width=\"720\" height=\"546\" src=\"https:\/\/thehub-berlin.org\/wp-content\/uploads\/2019\/01\/Collage_2.A-720x546.jpg\" class=\"attachment-large size-large\" alt=\"\" loading=\"lazy\" srcset=\"https:\/\/thehub-berlin.org\/wp-content\/uploads\/2019\/01\/Collage_2.A-720x546.jpg 720w, https:\/\/thehub-berlin.org\/wp-content\/uploads\/2019\/01\/Collage_2.A-300x227.jpg 300w, https:\/\/thehub-berlin.org\/wp-content\/uploads\/2019\/01\/Collage_2.A-768x582.jpg 768w, https:\/\/thehub-berlin.org\/wp-content\/uploads\/2019\/01\/Collage_2.A-624x473.jpg 624w, https:\/\/thehub-berlin.org\/wp-content\/uploads\/2019\/01\/Collage_2.A-e1548360033900.jpg 495w\" sizes=\"(max-width: 720px) 100vw, 720px\" \/>\t\t\t\t\t\t\t\t\t\t\t\t\t\t\t<\/div>\n\t\t\t\t<\/div>\n\t\t\t\t\t<\/div>\n\t\t<\/div>\n\t\t\t\t\t\t\t<\/div>\n\t\t<\/section>\n\t\t\t\t<section class=\"elementor-section elementor-top-section elementor-element elementor-element-b5ffc8f elementor-section-boxed elementor-section-height-default elementor-section-height-default parallax_section_no qode_elementor_container_no qode-content-aligment-left\" data-id=\"b5ffc8f\" data-element_type=\"section\">\n\t\t\t\t\t\t<div class=\"elementor-container elementor-column-gap-default\">\n\t\t\t\t\t<div class=\"elementor-column elementor-col-100 elementor-top-column elementor-element elementor-element-e1ff679\" data-id=\"e1ff679\" data-element_type=\"column\">\n\t\t\t<div class=\"elementor-widget-wrap elementor-element-populated\">\n\t\t\t\t\t\t\t\t<div class=\"elementor-element elementor-element-5699e33 elementor-widget elementor-widget-heading\" data-id=\"5699e33\" data-element_type=\"widget\" data-widget_type=\"heading.default\">\n\t\t\t\t<div class=\"elementor-widget-container\">\n\t\t\t<h4 class=\"elementor-heading-title elementor-size-default\">Der bunte highlight ghetto Kiez. 10 Sch\u00fclerinnen AG Albert-Schweitzer-Gymnasium <\/h4>\t\t<\/div>\n\t\t\t\t<\/div>\n\t\t\t\t\t<\/div>\n\t\t<\/div>\n\t\t\t\t\t\t\t<\/div>\n\t\t<\/section>\n\t\t\t\t<section class=\"elementor-section elementor-top-section elementor-element elementor-element-27814ab elementor-section-boxed elementor-section-height-default elementor-section-height-default parallax_section_no qode_elementor_container_no qode-content-aligment-left\" data-id=\"27814ab\" data-element_type=\"section\">\n\t\t\t\t\t\t<div class=\"elementor-container elementor-column-gap-default\">\n\t\t\t\t\t<div class=\"elementor-column elementor-col-100 elementor-top-column elementor-element elementor-element-89f7c65\" data-id=\"89f7c65\" data-element_type=\"column\">\n\t\t\t<div class=\"elementor-widget-wrap elementor-element-populated\">\n\t\t\t\t\t\t\t\t<div class=\"elementor-element elementor-element-e641ad4 elementor-widget elementor-widget-text-editor\" data-id=\"e641ad4\" data-element_type=\"widget\" data-widget_type=\"text-editor.default\">\n\t\t\t\t<div class=\"elementor-widget-container\">\n\t\t\t\t\t\t\t<p>Nach einem Besuch der 10.Berlin Biennale, kristallisierten sich die Interessen fu\u0308r bestimmte Themen, Techniken und Materialien heraus: Neuk\u00f6lln sollte die Bu\u0308hne sein. Hierbei gab es kleine Exkursionen und Gespr\u00e4che u\u0308ber den Bezirk, die breiten Stra\u00dfen und L\u00e4den, die Multikultur, den Umgang zwischen den Menschen, die dort leben und die Rolle, die man selbst dort spielt. In der ku\u0308nstlerischen Umsetzung war alles m\u00f6glich: von der Zeichnung bis zur Fotografie oder von der Gestaltung am Computer bis zur Herstellung von Alltagsgegenst\u00e4nden. Die w\u00f6chentliche Arbeit mit der Gruppe hat von Anfang an dazu gedient, einen reichhaltigen Dialog aufzubauen. Die Wu\u0308nsche und Ideen der Teilnehmer*innen wurden immer beru\u0308cksichtigt. Am Anfang arbeiteten sie mit analogen und digitalen Fotokameras, um den Bezirk Neuk\u00f6lln zu erforschen. Sie sammelten W\u00f6rter, schrieben Geschichten und machten dazu Collagen und Cyanotypien. Um all diese Ideen zusammenzubringen, entschied sich die Gruppe einen \u201eNeuk\u00f6llner Souvenir Shop\u201c aufzubauen. In diesem Zusammenhang wurde viel u\u0308ber Popkultur und Ready Mades diskutiert. Es sind Handy-Hu\u0308llen, Sleim-Gl\u00e4ser, Hoodies, Postkarten sowie Audiodateien entstanden. Eine der gro\u00dfen Highlights war der Workshop mit Johanna Unzueta, Ku\u0308nstlerin der 10. Berlin Biennale. Sie zeigte der Gruppe ihre besondere Mal- und Zeichentechnik und teilte ihre Kenntnisse. Aus dieser Zusammenarbeit entwickelten sich die ku\u0308nstlerischen Arbeiten mit dem Titel Mikrokosmos.            <\/p>\n<p>Alexia Manzano<\/p>\n\t\t\t\t\t\t<\/div>\n\t\t\t\t<\/div>\n\t\t\t\t\t<\/div>\n\t\t<\/div>\n\t\t\t\t\t\t\t<\/div>\n\t\t<\/section>\n\t\t\t\t<section class=\"elementor-section elementor-top-section elementor-element elementor-element-1b419ba elementor-section-boxed elementor-section-height-default elementor-section-height-default parallax_section_no qode_elementor_container_no qode-content-aligment-left\" data-id=\"1b419ba\" data-element_type=\"section\">\n\t\t\t\t\t\t<div class=\"elementor-container elementor-column-gap-default\">\n\t\t\t\t\t<div class=\"elementor-column elementor-col-100 elementor-top-column elementor-element elementor-element-bac91ba\" data-id=\"bac91ba\" data-element_type=\"column\">\n\t\t\t<div class=\"elementor-widget-wrap elementor-element-populated\">\n\t\t\t\t\t\t\t\t<div class=\"elementor-element elementor-element-1c3b27d elementor-widget elementor-widget-gallery\" data-id=\"1c3b27d\" data-element_type=\"widget\" data-settings=\"{&quot;columns&quot;:2,&quot;lazyload&quot;:&quot;yes&quot;,&quot;gallery_layout&quot;:&quot;grid&quot;,&quot;columns_tablet&quot;:2,&quot;columns_mobile&quot;:1,&quot;gap&quot;:{&quot;unit&quot;:&quot;px&quot;,&quot;size&quot;:10,&quot;sizes&quot;:[]},&quot;gap_tablet&quot;:{&quot;unit&quot;:&quot;px&quot;,&quot;size&quot;:10,&quot;sizes&quot;:[]},&quot;gap_mobile&quot;:{&quot;unit&quot;:&quot;px&quot;,&quot;size&quot;:10,&quot;sizes&quot;:[]},&quot;link_to&quot;:&quot;file&quot;,&quot;aspect_ratio&quot;:&quot;3:2&quot;,&quot;overlay_background&quot;:&quot;yes&quot;,&quot;content_hover_animation&quot;:&quot;fade-in&quot;}\" data-widget_type=\"gallery.default\">\n\t\t\t\t<div class=\"elementor-widget-container\">\n\t\t\t\t\t<div class=\"elementor-gallery__container\">\n\t\t\t\t\t\t\t<a class=\"e-gallery-item elementor-gallery-item elementor-animated-content\" href=\"https:\/\/thehub-berlin.org\/wp-content\/uploads\/2019\/03\/Neuko\u0308lln_Shop_Skizze.jpg\" data-elementor-open-lightbox=\"yes\" data-elementor-lightbox-slideshow=\"all-1c3b27d\" data-elementor-lightbox-title=\"Neuko\u0308lln_Shop_Skizze\">\n\t\t\t\t\t<div class=\"e-gallery-image elementor-gallery-item__image\" data-thumbnail=\"https:\/\/thehub-berlin.org\/wp-content\/uploads\/2019\/03\/Neuko\u0308lln_Shop_Skizze-213x300.jpg\" data-width=\"213\" data-height=\"300\" alt=\"\" ><\/div>\n\t\t\t\t\t\t\t\t\t\t\t<div class=\"elementor-gallery-item__overlay\"><\/div>\n\t\t\t\t\t\t\t\t\t\t\t\t\t\t<\/a>\n\t\t\t\t\t\t\t<a class=\"e-gallery-item elementor-gallery-item elementor-animated-content\" href=\"https:\/\/thehub-berlin.org\/wp-content\/uploads\/2019\/03\/MG_0122_Tomaschko.jpg\" data-elementor-open-lightbox=\"yes\" data-elementor-lightbox-slideshow=\"all-1c3b27d\" data-elementor-lightbox-title=\"_MG_0122_Tomaschko\">\n\t\t\t\t\t<div class=\"e-gallery-image elementor-gallery-item__image\" data-thumbnail=\"https:\/\/thehub-berlin.org\/wp-content\/uploads\/2019\/03\/MG_0122_Tomaschko-300x200.jpg\" data-width=\"300\" data-height=\"200\" alt=\"\" ><\/div>\n\t\t\t\t\t\t\t\t\t\t\t<div class=\"elementor-gallery-item__overlay\"><\/div>\n\t\t\t\t\t\t\t\t\t\t\t\t\t\t<\/a>\n\t\t\t\t\t<\/div>\n\t\t\t<\/div>\n\t\t\t\t<\/div>\n\t\t\t\t\t<\/div>\n\t\t<\/div>\n\t\t\t\t\t\t\t<\/div>\n\t\t<\/section>\n\t\t\t\t<section class=\"elementor-section elementor-top-section elementor-element elementor-element-d38b833 elementor-section-boxed elementor-section-height-default elementor-section-height-default parallax_section_no qode_elementor_container_no qode-content-aligment-left\" data-id=\"d38b833\" data-element_type=\"section\">\n\t\t\t\t\t\t<div class=\"elementor-container elementor-column-gap-default\">\n\t\t\t\t\t<div class=\"elementor-column elementor-col-100 elementor-top-column elementor-element elementor-element-d1c526d\" data-id=\"d1c526d\" data-element_type=\"column\">\n\t\t\t<div class=\"elementor-widget-wrap elementor-element-populated\">\n\t\t\t\t\t\t\t\t<div class=\"elementor-element elementor-element-df01a86 elementor-aspect-ratio-169 elementor-widget elementor-widget-video\" data-id=\"df01a86\" data-element_type=\"widget\" data-settings=\"{&quot;video_type&quot;:&quot;hosted&quot;,&quot;controls&quot;:&quot;yes&quot;,&quot;aspect_ratio&quot;:&quot;169&quot;}\" data-widget_type=\"video.default\">\n\t\t\t\t<div class=\"elementor-widget-container\">\n\t\t\t\t\t<div class=\"e-hosted-video elementor-wrapper elementor-fit-aspect-ratio elementor-open-inline\">\n\t\t\t\t\t<video class=\"elementor-video\" src=\"https:\/\/thehub-berlin.voidstudio.ru\/wp-content\/uploads\/2019\/04\/neukoelln_Gefu\u0308hle_-END_sel_neu.mp4\" controls=\"\" controlsList=\"nodownload\" poster=\"https:\/\/thehub-berlin.voidstudio.ru\/wp-content\/uploads\/2019\/04\/gefuehle_4E9A1815_Tomaschko.jpg\"><\/video>\n\t\t\t\t<\/div>\n\t\t\t\t<\/div>\n\t\t\t\t<\/div>\n\t\t\t\t\t<\/div>\n\t\t<\/div>\n\t\t\t\t\t\t\t<\/div>\n\t\t<\/section>\n\t\t\t\t\t\t<\/div>\n\t\t\t\t\t<\/div>\n\t\t","protected":false},"excerpt":{"rendered":"<p>Der bunte highlight ghetto Kiez. 10 Sch\u00fclerinnen AG Albert-Schweitzer-Gymnasium Nach einem Besuch der 10.Berlin Biennale, kristallisierten sich die Interessen fu\u0308r bestimmte Themen, Techniken und Materialien heraus: Neuk\u00f6lln sollte die Bu\u0308hne sein. Hierbei gab es kleine Exkursionen und Gespr\u00e4che u\u0308ber den Bezirk, die breiten Stra\u00dfen und&#8230;<\/p>\n","protected":false},"parent":2720,"menu_order":0,"template":"","meta":[],"_links":{"self":[{"href":"https:\/\/thehub-berlin.org\/de\/wp-json\/wp\/v2\/project\/3053"}],"collection":[{"href":"https:\/\/thehub-berlin.org\/de\/wp-json\/wp\/v2\/project"}],"about":[{"href":"https:\/\/thehub-berlin.org\/de\/wp-json\/wp\/v2\/types\/project"}],"version-history":[{"count":2,"href":"https:\/\/thehub-berlin.org\/de\/wp-json\/wp\/v2\/project\/3053\/revisions"}],"predecessor-version":[{"id":3285,"href":"https:\/\/thehub-berlin.org\/de\/wp-json\/wp\/v2\/project\/3053\/revisions\/3285"}],"up":[{"embeddable":true,"href":"https:\/\/thehub-berlin.org\/de\/wp-json\/wp\/v2\/project\/2720"}],"wp:attachment":[{"href":"https:\/\/thehub-berlin.org\/de\/wp-json\/wp\/v2\/media?parent=3053"}],"curies":[{"name":"wp","href":"https:\/\/api.w.org\/{rel}","templated":true}]}}

BBvma Neukölln

<div data-elementor-type="wp-post" data-elementor-id="3053" class="elementor elementor-3053 elementor-1815" data-elementor-settings="[]">
							<div class="elementor-section-wrap">
							<section class="elementor-section elementor-top-section elementor-element elementor-element-4b99a4f elementor-section-boxed elementor-section-height-default elementor-section-height-default parallax_section_no qode_elementor_container_no qode-content-aligment-left" data-id="4b99a4f" data-element_type="section">
						<div class="elementor-container elementor-column-gap-default">
					<div class="elementor-column elementor-col-100 elementor-top-column elementor-element elementor-element-fdeda0b" data-id="fdeda0b" data-element_type="column">
			<div class="elementor-widget-wrap elementor-element-populated">
								<div class="elementor-element elementor-element-ca23b02 elementor-widget elementor-widget-image" data-id="ca23b02" data-element_type="widget" data-widget_type="image.default">
				<div class="elementor-widget-container">
															<img width="720" height="546" src="https://thehub-berlin.org/wp-content/uploads/2019/01/Collage_2.A-720x546.jpg" class="attachment-large size-large" alt="" loading="lazy" srcset="https://thehub-berlin.org/wp-content/uploads/2019/01/Collage_2.A-720x546.jpg 720w, https://thehub-berlin.org/wp-content/uploads/2019/01/Collage_2.A-300x227.jpg 300w, https://thehub-berlin.org/wp-content/uploads/2019/01/Collage_2.A-768x582.jpg 768w, https://thehub-berlin.org/wp-content/uploads/2019/01/Collage_2.A-624x473.jpg 624w, https://thehub-berlin.org/wp-content/uploads/2019/01/Collage_2.A-e1548360033900.jpg 495w" sizes="(max-width: 720px) 100vw, 720px" />															</div>
				</div>
					</div>
		</div>
							</div>
		</section>
				<section class="elementor-section elementor-top-section elementor-element elementor-element-b5ffc8f elementor-section-boxed elementor-section-height-default elementor-section-height-default parallax_section_no qode_elementor_container_no qode-content-aligment-left" data-id="b5ffc8f" data-element_type="section">
						<div class="elementor-container elementor-column-gap-default">
					<div class="elementor-column elementor-col-100 elementor-top-column elementor-element elementor-element-e1ff679" data-id="e1ff679" data-element_type="column">
			<div class="elementor-widget-wrap elementor-element-populated">
								<div class="elementor-element elementor-element-5699e33 elementor-widget elementor-widget-heading" data-id="5699e33" data-element_type="widget" data-widget_type="heading.default">
				<div class="elementor-widget-container">
			<h4 class="elementor-heading-title elementor-size-default">Der bunte highlight ghetto Kiez. 10 Schülerinnen AG Albert-Schweitzer-Gymnasium </h4>		</div>
				</div>
					</div>
		</div>
							</div>
		</section>
				<section class="elementor-section elementor-top-section elementor-element elementor-element-27814ab elementor-section-boxed elementor-section-height-default elementor-section-height-default parallax_section_no qode_elementor_container_no qode-content-aligment-left" data-id="27814ab" data-element_type="section">
						<div class="elementor-container elementor-column-gap-default">
					<div class="elementor-column elementor-col-100 elementor-top-column elementor-element elementor-element-89f7c65" data-id="89f7c65" data-element_type="column">
			<div class="elementor-widget-wrap elementor-element-populated">
								<div class="elementor-element elementor-element-e641ad4 elementor-widget elementor-widget-text-editor" data-id="e641ad4" data-element_type="widget" data-widget_type="text-editor.default">
				<div class="elementor-widget-container">
							<p>Nach einem Besuch der 10.Berlin Biennale, kristallisierten sich die Interessen für bestimmte Themen, Techniken und Materialien heraus: Neukölln sollte die Bühne sein. Hierbei gab es kleine Exkursionen und Gespräche über den Bezirk, die breiten Straßen und Läden, die Multikultur, den Umgang zwischen den Menschen, die dort leben und die Rolle, die man selbst dort spielt. In der künstlerischen Umsetzung war alles möglich: von der Zeichnung bis zur Fotografie oder von der Gestaltung am Computer bis zur Herstellung von Alltagsgegenständen. Die wöchentliche Arbeit mit der Gruppe hat von Anfang an dazu gedient, einen reichhaltigen Dialog aufzubauen. Die Wünsche und Ideen der Teilnehmer*innen wurden immer berücksichtigt. Am Anfang arbeiteten sie mit analogen und digitalen Fotokameras, um den Bezirk Neukölln zu erforschen. Sie sammelten Wörter, schrieben Geschichten und machten dazu Collagen und Cyanotypien. Um all diese Ideen zusammenzubringen, entschied sich die Gruppe einen „Neuköllner Souvenir Shop“ aufzubauen. In diesem Zusammenhang wurde viel über Popkultur und Ready Mades diskutiert. Es sind Handy-Hüllen, Sleim-Gläser, Hoodies, Postkarten sowie Audiodateien entstanden. Eine der großen Highlights war der Workshop mit Johanna Unzueta, Künstlerin der 10. Berlin Biennale. Sie zeigte der Gruppe ihre besondere Mal- und Zeichentechnik und teilte ihre Kenntnisse. Aus dieser Zusammenarbeit entwickelten sich die künstlerischen Arbeiten mit dem Titel Mikrokosmos.            </p>
<p>Alexia Manzano</p>
						</div>
				</div>
					</div>
		</div>
							</div>
		</section>
				<section class="elementor-section elementor-top-section elementor-element elementor-element-1b419ba elementor-section-boxed elementor-section-height-default elementor-section-height-default parallax_section_no qode_elementor_container_no qode-content-aligment-left" data-id="1b419ba" data-element_type="section">
						<div class="elementor-container elementor-column-gap-default">
					<div class="elementor-column elementor-col-100 elementor-top-column elementor-element elementor-element-bac91ba" data-id="bac91ba" data-element_type="column">
			<div class="elementor-widget-wrap elementor-element-populated">
								<div class="elementor-element elementor-element-1c3b27d elementor-widget elementor-widget-gallery" data-id="1c3b27d" data-element_type="widget" data-settings="{&quot;columns&quot;:2,&quot;lazyload&quot;:&quot;yes&quot;,&quot;gallery_layout&quot;:&quot;grid&quot;,&quot;columns_tablet&quot;:2,&quot;columns_mobile&quot;:1,&quot;gap&quot;:{&quot;unit&quot;:&quot;px&quot;,&quot;size&quot;:10,&quot;sizes&quot;:[]},&quot;gap_tablet&quot;:{&quot;unit&quot;:&quot;px&quot;,&quot;size&quot;:10,&quot;sizes&quot;:[]},&quot;gap_mobile&quot;:{&quot;unit&quot;:&quot;px&quot;,&quot;size&quot;:10,&quot;sizes&quot;:[]},&quot;link_to&quot;:&quot;file&quot;,&quot;aspect_ratio&quot;:&quot;3:2&quot;,&quot;overlay_background&quot;:&quot;yes&quot;,&quot;content_hover_animation&quot;:&quot;fade-in&quot;}" data-widget_type="gallery.default">
				<div class="elementor-widget-container">
					<div class="elementor-gallery__container">
							<a class="e-gallery-item elementor-gallery-item elementor-animated-content" href="https://thehub-berlin.org/wp-content/uploads/2019/03/Neukölln_Shop_Skizze.jpg" data-elementor-open-lightbox="yes" data-elementor-lightbox-slideshow="all-1c3b27d" data-elementor-lightbox-title="Neukölln_Shop_Skizze">
					<div class="e-gallery-image elementor-gallery-item__image" data-thumbnail="https://thehub-berlin.org/wp-content/uploads/2019/03/Neukölln_Shop_Skizze-213x300.jpg" data-width="213" data-height="300" alt="" ></div>
											<div class="elementor-gallery-item__overlay"></div>
														</a>
							<a class="e-gallery-item elementor-gallery-item elementor-animated-content" href="https://thehub-berlin.org/wp-content/uploads/2019/03/MG_0122_Tomaschko.jpg" data-elementor-open-lightbox="yes" data-elementor-lightbox-slideshow="all-1c3b27d" data-elementor-lightbox-title="_MG_0122_Tomaschko">
					<div class="e-gallery-image elementor-gallery-item__image" data-thumbnail="https://thehub-berlin.org/wp-content/uploads/2019/03/MG_0122_Tomaschko-300x200.jpg" data-width="300" data-height="200" alt="" ></div>
											<div class="elementor-gallery-item__overlay"></div>
														</a>
					</div>
			</div>
				</div>
					</div>
		</div>
							</div>
		</section>
				<section class="elementor-section elementor-top-section elementor-element elementor-element-d38b833 elementor-section-boxed elementor-section-height-default elementor-section-height-default parallax_section_no qode_elementor_container_no qode-content-aligment-left" data-id="d38b833" data-element_type="section">
						<div class="elementor-container elementor-column-gap-default">
					<div class="elementor-column elementor-col-100 elementor-top-column elementor-element elementor-element-d1c526d" data-id="d1c526d" data-element_type="column">
			<div class="elementor-widget-wrap elementor-element-populated">
								<div class="elementor-element elementor-element-df01a86 elementor-aspect-ratio-169 elementor-widget elementor-widget-video" data-id="df01a86" data-element_type="widget" data-settings="{&quot;video_type&quot;:&quot;hosted&quot;,&quot;controls&quot;:&quot;yes&quot;,&quot;aspect_ratio&quot;:&quot;169&quot;}" data-widget_type="video.default">
				<div class="elementor-widget-container">
					<div class="e-hosted-video elementor-wrapper elementor-fit-aspect-ratio elementor-open-inline">
					<video class="elementor-video" src="https://thehub-berlin.voidstudio.ru/wp-content/uploads/2019/04/neukoelln_Gefühle_-END_sel_neu.mp4" controls="" controlsList="nodownload" poster="https://thehub-berlin.voidstudio.ru/wp-content/uploads/2019/04/gefuehle_4E9A1815_Tomaschko.jpg"></video>
				</div>
				</div>
				</div>
					</div>
		</div>
							</div>
		</section>
						</div>
					</div>

<p>Der bunte highlight ghetto Kiez. 10 Schülerinnen AG Albert-Schweitzer-Gymnasium Nach einem Besuch der 10.Berlin Biennale, kristallisierten sich die Interessen für bestimmte Themen, Techniken und Materialien heraus: Neukölln sollte die Bühne sein. Hierbei gab es kleine Exkursionen und Gespräche über den Bezirk, die breiten Straßen und&#8230;</p>
